000
CDUS44 KHGX 250717
CLIHOU


CLIMATE REPORT
NATIONAL WEATHER SERVICE HOUSTON/GALVESTON TX
216 AM CDT WED APR 25 2018


...................................

...THE HOUSTON INTERCONTINENTAL CLIMATE SUMMARY FOR APRIL 24 2018...

CLIMATE NORMAL PERIOD 1981 TO 2010
CLIMATE RECORD PERIOD 1892 TO 2018


WEATHER ITEM   OBSERVED TIME   RECORD YEAR NORMAL DEPARTURE LAST
                VALUE   (LST)  VALUE       VALUE  FROM      YEAR
                                                  NORMAL
..................................................................
TEMPERATURE (F)
 YESTERDAY
  MAXIMUM         85    453 PM  92    1894  81      4       81
  MINIMUM         54    513 AM  46    1995  62     -8       52
  AVERAGE         70                        72     -2       67

PRECIPITATION (IN)
  YESTERDAY        0.00          2.24 1918   0.12  -0.12     0.00
  MONTH TO DATE    1.90                      2.54  -0.64     1.67
  SINCE MAR 1      4.87                      5.95  -1.08     7.30
  SINCE JAN 1     13.66                     12.53   1.13    15.81

SNOWFALL (IN)
  YESTERDAY        0.0          MM      MM
  MONTH TO DATE    0.0
  SINCE MAR 1      0.0
  SINCE JUL 1      0.8

DEGREE DAYS
 HEATING
  YESTERDAY        0                         0      0        0
  MONTH TO DATE   46                        35     11        1
  SINCE MAR 1    104                       176    -72       53
  SINCE JUL 1   1230                      1364   -134      653

 COOLING
  YESTERDAY        5                         7     -2        2
  MONTH TO DATE   87                       126    -39      160
  SINCE MAR 1    231                       197     34      318
  SINCE JAN 1    319                       235     84      497
..................................................................


WIND (MPH)
  HIGHEST WIND SPEED    12   HIGHEST WIND DIRECTION    NW (330)
  HIGHEST GUST SPEED    17   HIGHEST GUST DIRECTION    NW (320)




RELATIVE HUMIDITY (PERCENT)
 HIGHEST   100
 LOWEST     37
 AVERAGE    69

..........................................................


THE HOUSTON INTERCONTINENTAL CLIMATE NORMALS FOR TODAY
                         NORMAL    RECORD    YEAR
 MAXIMUM TEMPERATURE (F)   82        90      2006
                                             1945
                                             1932
 MINIMUM TEMPERATURE (F)   62        41      1910


SUNRISE AND SUNSET
APRIL 25 2018.........SUNRISE   644 AM CDT   SUNSET   755 PM CDT
APRIL 26 2018.........SUNRISE   643 AM CDT   SUNSET   756 PM CDT


-  INDICATES NEGATIVE NUMBERS.
R  INDICATES RECORD WAS SET OR TIED.
MM INDICATES DATA IS MISSING.
T  INDICATES TRACE AMOUNT.

&&

...................................

...THE HOUSTON/HOBBY AIRPORT CLIMATE SUMMARY FOR APRIL 24 2018...

CLIMATE NORMAL PERIOD 1981 TO 2010
CLIMATE RECORD PERIOD 1930 TO 2018


WEATHER ITEM   OBSERVED TIME   RECORD YEAR NORMAL DEPARTURE LAST
                VALUE   (LST)  VALUE       VALUE  FROM      YEAR
                                                  NORMAL
..................................................................
TEMPERATURE (F)
 YESTERDAY
  MAXIMUM         86    403 PM  90    1987  81      5       79
  MINIMUM         57    405 AM  49    1995  63     -6       54
  AVERAGE         72                        72      0       67

PRECIPITATION (IN)
  YESTERDAY        0.00          4.72 2009   0.12  -0.12     0.00
  MONTH TO DATE    2.71                      2.51   0.20     2.98
  SINCE MAR 1      4.64                      5.71  -1.07    11.13
  SINCE JAN 1     11.88                     12.79  -0.91    17.25

SNOWFALL (IN)
  YESTERDAY        0.0          MM      MM
  MONTH TO DATE    0.0
  SINCE MAR 1      0.0
  SINCE JUL 1      1.5

DEGREE DAYS
 HEATING
  YESTERDAY        0                         0      0        0
  MONTH TO DATE   42                        27     15        1
  SINCE MAR 1     95                       148    -53       43
  SINCE JUL 1   1134                      1218    -84      541

 COOLING
  YESTERDAY        7                         7      0        2
  MONTH TO DATE   85                       127    -42      164
  SINCE MAR 1    223                       196     27      336
  SINCE JAN 1    314                       234     80      523
..................................................................


WIND (MPH)
  HIGHEST WIND SPEED    13   HIGHEST WIND DIRECTION     S (160)
  HIGHEST GUST SPEED    16   HIGHEST GUST DIRECTION    NW (300)




RELATIVE HUMIDITY (PERCENT)
 HIGHEST   100
 LOWEST     37
 AVERAGE    69

..........................................................


THE HOUSTON/HOBBY AIRPORT CLIMATE NORMALS FOR TODAY
                         NORMAL    RECORD    YEAR
 MAXIMUM TEMPERATURE (F)   81        91      1932
 MINIMUM TEMPERATURE (F)   63        46      1937


SUNRISE AND SUNSET
APRIL 25 2018.........SUNRISE   644 AM CDT   SUNSET   754 PM CDT
APRIL 26 2018.........SUNRISE   643 AM CDT   SUNSET   755 PM CDT


-  INDICATES NEGATIVE NUMBERS.
R  INDICATES RECORD WAS SET OR TIED.
MM INDICATES DATA IS MISSING.
T  INDICATES TRACE AMOUNT.


$$
