000
CDUS46 KSEW 240829
CLIHQM


CLIMATE REPORT
NATIONAL WEATHER SERVICE SEATTLE WA
129 AM PDT TUE APR 24 2018


...................................

...THE HOQUIAM WA AIRPORT CLIMATE SUMMARY FOR APRIL 23 2018...

CLIMATE NORMAL PERIOD 1981 TO 2010
CLIMATE RECORD PERIOD 1953 TO 2018


WEATHER ITEM   OBSERVED TIME   RECORD YEAR NORMAL DEPARTURE LAST
                VALUE   (LST)  VALUE       VALUE  FROM      YEAR
                                                  NORMAL
..................................................................
TEMPERATURE (F)
 YESTERDAY
  MAXIMUM         74R   442 PM  74    2006  57     17       51
  MINIMUM         38    542 AM  31    1954  43     -5       46
  AVERAGE         56                        50      6       49

PRECIPITATION (IN)
  YESTERDAY        0.00          1.63 2014   0.16  -0.16     0.57
  MONTH TO DATE    9.71                      4.11   5.60     6.99
  SINCE OCT 1     63.96                     56.30   7.66    77.26
  SINCE JAN 1     32.37                     28.64   3.73    35.72

DEGREE DAYS
 HEATING
  YESTERDAY        9                        15     -6       16
  MONTH TO DATE  367                       384    -17      358
  SINCE MAR 1    973                       973      0      961

 COOLING
  YESTERDAY        0                         0      0        0
  MONTH TO DATE    0                         0      0        0
  SINCE MAR 1      0                         0      0        0
  SINCE JAN 1      0                         0      0        0
..................................................................


WIND (MPH)
  RESULTANT WIND SPEED   8   RESULTANT WIND DIRECTION  NE (60)
  HIGHEST WIND SPEED    17   HIGHEST WIND DIRECTION     E (100)
  HIGHEST GUST SPEED    23   HIGHEST GUST DIRECTION    NE (50)
  AVERAGE WIND SPEED     8.5


SKY COVER
  AVERAGE SKY COVER 0.0


WEATHER CONDITIONS
 THE FOLLOWING WEATHER WAS RECORDED YESTERDAY.
  NO SIGNIFICANT WEATHER WAS OBSERVED.


RELATIVE HUMIDITY (PERCENT)
 HIGHEST    92           400 AM
 LOWEST     20           500 PM
 AVERAGE    56

..........................................................


THE HOQUIAM WA AIRPORT CLIMATE NORMALS FOR TODAY
                         NORMAL    RECORD    YEAR
 MAXIMUM TEMPERATURE (F)   57        72      1992
 MINIMUM TEMPERATURE (F)   43        32      2002
                                             2000
                                             1954


SUNRISE AND SUNSET
APRIL 24 2018.........SUNRISE   612 AM PDT   SUNSET   817 PM PDT
APRIL 25 2018.........SUNRISE   610 AM PDT   SUNSET   818 PM PDT


-  INDICATES NEGATIVE NUMBERS.
R  INDICATES RECORD WAS SET OR TIED.
MM INDICATES DATA IS MISSING.
T  INDICATES TRACE AMOUNT.




$$
