000
CDUS44 KLZK 220641
CLIHRO


CLIMATE REPORT
NATIONAL WEATHER SERVICE LITTLE ROCK AR
140 AM CDT SUN APR 22 2018


...................................

...THE HARRISON CLIMATE SUMMARY FOR APRIL 21 2018...

CLIMATE NORMAL PERIOD 1981 TO 2010
CLIMATE RECORD PERIOD 1891 TO 2018


WEATHER ITEM   OBSERVED TIME   RECORD YEAR NORMAL DEPARTURE LAST
                VALUE   (LST)  VALUE       VALUE  FROM      YEAR
                                                  NORMAL
..................................................................
TEMPERATURE (F)
 YESTERDAY
  MAXIMUM         68    218 PM  93    1963  71     -3       63
  MINIMUM         43    433 AM  31    1956  49     -6       49
                                      1953
                                      1950
  AVERAGE         56                        60     -4       56

PRECIPITATION (IN)
  YESTERDAY        0.02          3.29 1928   0.16  -0.14     3.02
  MONTH TO DATE    1.51                      2.85  -1.34     5.07
  SINCE MAR 1      6.82                      6.64   0.18    10.71
  SINCE JAN 1     15.45                     11.84   3.61    14.29

SNOWFALL (IN)
  YESTERDAY        0.0          MM      MM   0.0    0.0      0.0
  MONTH TO DATE    0.1                       0.3   -0.2      0.0
  SINCE MAR 1      0.1                       2.3   -2.2      2.5
  SINCE JUL 1      2.2                      11.5   -9.3      3.4
  SNOW DEPTH       0

DEGREE DAYS
 HEATING
  YESTERDAY        9                         7      2        9
  MONTH TO DATE  332                       192    140       82
  SINCE MAR 1    788                       700     88      450
  SINCE JUL 1   3748                      3872   -124     2856

 COOLING
  YESTERDAY        0                         1     -1        0
  MONTH TO DATE    9                        21    -12       34
  SINCE MAR 1      9                        27    -18       40
  SINCE JAN 1     14                        27    -13       47
..................................................................


WIND (MPH)
  HIGHEST WIND SPEED    21   HIGHEST WIND DIRECTION    SE (120)
  HIGHEST GUST SPEED    28   HIGHEST GUST DIRECTION     E (110)
  AVERAGE WIND SPEED     7.9


SKY COVER
  POSSIBLE SUNSHINE  MM
  AVERAGE SKY COVER 0.4


WEATHER CONDITIONS
 THE FOLLOWING WEATHER WAS RECORDED YESTERDAY.
  LIGHT RAIN


RELATIVE HUMIDITY (PERCENT)
 HIGHEST    93          1100 PM
 LOWEST     39          1200 AM
 AVERAGE    66

..........................................................


THE HARRISON CLIMATE NORMALS FOR TODAY
                         NORMAL    RECORD    YEAR
 MAXIMUM TEMPERATURE (F)   71        92      1955
 MINIMUM TEMPERATURE (F)   49        26      1927


SUNRISE AND SUNSET
APRIL 22 2018.........SUNRISE   630 AM CDT   SUNSET   753 PM CDT
APRIL 23 2018.........SUNRISE   629 AM CDT   SUNSET   753 PM CDT


-  INDICATES NEGATIVE NUMBERS.
R  INDICATES RECORD WAS SET OR TIED.
MM INDICATES DATA IS MISSING.
T  INDICATES TRACE AMOUNT.




$$
