000
CDUS41 KRLX 250716
CLIHTS


CLIMATE REPORT
NATIONAL WEATHER SERVICE CHARLESTON WV
315 AM EDT FRI MAY 25 2018


...................................

...THE HUNTINGTON WV CLIMATE SUMMARY FOR MAY 24 2018...

CLIMATE NORMAL PERIOD 1981 TO 2010
CLIMATE RECORD PERIOD 1897 TO 2018


WEATHER ITEM   OBSERVED TIME   RECORD YEAR NORMAL DEPARTURE LAST
                VALUE   (LST)  VALUE       VALUE  FROM      YEAR
                                                  NORMAL
..................................................................
TEMPERATURE (F)
 YESTERDAY
  MAXIMUM         84    530 PM  91    1939  77      7       69
                                      1901
  MINIMUM         55    521 AM  37    1956  55      0       60
  AVERAGE         70                        66      4       65

PRECIPITATION (IN)
  YESTERDAY        0.00          2.39 1902   0.15  -0.15     0.23
  MONTH TO DATE    3.39                      3.57  -0.18     4.72
  SINCE JAN 1     20.76                     16.95   3.81    17.43

SNOWFALL (IN)
  YESTERDAY        0.0           0.0  2017   0.0    0.0      0.0
  MONTH TO DATE    0.0                       0.0    0.0      0.0
  SINCE SEP 1     12.5                      23.6  -11.1      5.9
  SNOW DEPTH       0

DEGREE DAYS
 HEATING
  YESTERDAY        0                         3     -3        0
  MONTH TO DATE    5                       100    -95       96
  SINCE MAR 1   1120                       987    133      787
  SINCE JUL 1   4370                      4488   -118     3436

 COOLING
  YESTERDAY        5                         3      2        0
  MONTH TO DATE  170                        52    118       66
  SINCE MAR 1    191                        84    107      136
  SINCE JAN 1    198                        84    114      137
..................................................................


WIND (MPH)
  HIGHEST WIND SPEED    12   HIGHEST WIND DIRECTION     N (10)
  HIGHEST GUST SPEED    14   HIGHEST GUST DIRECTION     N (20)
  AVERAGE WIND SPEED     2.8


SKY COVER
  POSSIBLE SUNSHINE  MM
  AVERAGE SKY COVER 0.2


WEATHER CONDITIONS
 THE FOLLOWING WEATHER WAS RECORDED YESTERDAY.
  FOG
  FOG W/VISIBILITY <= 1/4 MILE


RELATIVE HUMIDITY (PERCENT)
 HIGHEST    93           500 AM
 LOWEST     40           400 PM
 AVERAGE    67

..........................................................


THE HUNTINGTON WV CLIMATE NORMALS FOR TODAY
                         NORMAL    RECORD    YEAR
 MAXIMUM TEMPERATURE (F)   77        96      1939
 MINIMUM TEMPERATURE (F)   55        37      1956


SUNRISE AND SUNSET
MAY 25 2018...........SUNRISE   612 AM EDT   SUNSET   843 PM EDT
MAY 26 2018...........SUNRISE   611 AM EDT   SUNSET   844 PM EDT


-  INDICATES NEGATIVE NUMBERS.
R  INDICATES RECORD WAS SET OR TIED.
MM INDICATES DATA IS MISSING.
T  INDICATES TRACE AMOUNT.




$$
