000
CDUS43 KUNR 250832
CLIIEN


CLIMATE REPORT
NATIONAL WEATHER SERVICE RAPID CITY SD
231 AM MDT WED APR 25 2018


...................................

...THE PINE RIDGE SD CLIMATE SUMMARY FOR APRIL 24 2018...

CLIMATE NORMAL PERIOD 1981 TO 2010
CLIMATE RECORD PERIOD 9999 TO 9999


WEATHER ITEM   OBSERVED TIME   NORMAL DEPARTURE LAST
                VALUE   (LST)  VALUE  FROM      YEAR
                                      NORMAL
......................................................
TEMPERATURE (F)
 YESTERDAY
  MAXIMUM         46    513 PM  63    -17       65
  MINIMUM         30   1159 PM  34     -4       39
  AVERAGE         38            48    -10       52

PRECIPITATION (IN)
  YESTERDAY        T             0.07  -0.07     0.04
  MONTH TO DATE    1.45          1.46  -0.01     1.52
  SINCE MAR 1      2.74          2.33   0.41     3.37
  SINCE JAN 1      3.77          3.12   0.65     4.51

DEGREE DAYS
 HEATING
  YESTERDAY       27            17     10       13
  MONTH TO DATE  631           488    143      351
  SINCE MAR 1   1485          1376    109     1042
  SINCE JUL 1   6789          6726     63     6208

 COOLING
  YESTERDAY        0             0      0        0
  MONTH TO DATE    0             0      0        1
  SINCE MAR 1      0             0      0        1
  SINCE JAN 1      0             0      0        1
......................................................


WIND (MPH)
  HIGHEST WIND SPEED    24   HIGHEST WIND DIRECTION     N (350)
  HIGHEST GUST SPEED    34   HIGHEST GUST DIRECTION     N (350)
  AVERAGE WIND SPEED    11.7


SKY COVER
  AVERAGE SKY COVER 1.0


WEATHER CONDITIONS
 THE FOLLOWING WEATHER WAS RECORDED YESTERDAY.
  LIGHT RAIN
  LIGHT SNOW
  FOG
  HAZE


RELATIVE HUMIDITY (PERCENT)
 HIGHEST    92          1200 AM
 LOWEST     45           500 PM
 AVERAGE    69

..........................................................




SUNRISE AND SUNSET
APRIL 25 2018.........SUNRISE   552 AM MDT   SUNSET   744 PM MDT
APRIL 26 2018.........SUNRISE   551 AM MDT   SUNSET   745 PM MDT


-  INDICATES NEGATIVE NUMBERS.
R  INDICATES RECORD WAS SET OR TIED.
MM INDICATES DATA IS MISSING.
T  INDICATES TRACE AMOUNT.




$$
