000
CDUS45 KVEF 200827
CLIIGM


CLIMATE REPORT
NATIONAL WEATHER SERVICE LAS VEGAS, NV
126 AM PDT FRI APR 20 2018


...................................

...THE KINGMAN AZ CLIMATE SUMMARY FOR APRIL 19 2018...

CLIMATE NORMAL PERIOD 1981 TO 2010
CLIMATE RECORD PERIOD 1901 TO 2018


WEATHER ITEM   OBSERVED TIME   RECORD YEAR NORMAL DEPARTURE LAST
                VALUE   (LST)  VALUE       VALUE  FROM      YEAR
                                                  NORMAL
..................................................................
TEMPERATURE (F)
 YESTERDAY
  MAXIMUM         65    308 PM  97    1938  75    -10       80
  MINIMUM         45    544 AM  29    1975  45      0       41
  AVERAGE         55                        60     -5       61

PRECIPITATION (IN)
  YESTERDAY        0.00          0.51 1923   0.01  -0.01     0.00
  MONTH TO DATE    T                         0.31  -0.31     0.00
  SINCE OCT 1      1.31                      5.33  -4.02     6.26
  SINCE JAN 1      1.31                      3.23  -1.92     2.70

DEGREE DAYS
 HEATING
  YESTERDAY       10                         6      4        4
  MONTH TO DATE   75                       161    -86      122
  SINCE MAR 1    451                       579   -128      363
  SINCE JUL 1   2229                      2992   -763     2360

 COOLING
  YESTERDAY        0                         1     -1        0
  MONTH TO DATE   26                        12     14        4
  SINCE MAR 1     27                        15     12       10
  SINCE JAN 1     27                        15     12       10
..................................................................


WIND (MPH)
  RESULTANT WIND SPEED  16   RESULTANT WIND DIRECTION  SW (210)
  HIGHEST WIND SPEED    37   HIGHEST WIND DIRECTION    SW (220)
  HIGHEST GUST SPEED    45   HIGHEST GUST DIRECTION    SW (220)
  AVERAGE WIND SPEED    18.4


SKY COVER
  POSSIBLE SUNSHINE  MM
  AVERAGE SKY COVER 0.1


WEATHER CONDITIONS
 THE FOLLOWING WEATHER WAS RECORDED YESTERDAY.
  NO SIGNIFICANT WEATHER WAS OBSERVED.


RELATIVE HUMIDITY (PERCENT)
 HIGHEST    39          1100 PM
 LOWEST     12           200 PM
 AVERAGE    26

..........................................................


THE KINGMAN AZ CLIMATE NORMALS FOR TODAY
                         NORMAL    RECORD    YEAR
 MAXIMUM TEMPERATURE (F)   75        95      1938
 MINIMUM TEMPERATURE (F)   45        30      1941


SUNRISE AND SUNSET
APRIL 20 2018.........SUNRISE   557 AM MST   SUNSET   713 PM MST
APRIL 21 2018.........SUNRISE   556 AM MST   SUNSET   714 PM MST


-  INDICATES NEGATIVE NUMBERS.
R  INDICATES RECORD WAS SET OR TIED.
MM INDICATES DATA IS MISSING.
T  INDICATES TRACE AMOUNT.




$$
