000
CDUS41 KPHI 230552
CLIILG


CLIMATE REPORT
NATIONAL WEATHER SERVICE MOUNT HOLLY NJ
151 AM EDT MON APR 23 2018


...................................

...THE WILMINGTON DE CLIMATE SUMMARY FOR APRIL 22 2018...

CLIMATE NORMAL PERIOD 1981 TO 2010
CLIMATE RECORD PERIOD 1894 TO 2018


WEATHER ITEM   OBSERVED TIME   RECORD YEAR NORMAL DEPARTURE LAST
                VALUE   (LST)  VALUE       VALUE  FROM      YEAR
                                                  NORMAL
..................................................................
TEMPERATURE (F)
 YESTERDAY
  MAXIMUM         64    354 PM  94    1985  66     -2       58
  MINIMUM         38    458 AM  30    1975  45     -7       48
                                      1922
  AVERAGE         51                        55     -4       53

PRECIPITATION (IN)
  YESTERDAY        0.00          2.13 2006   0.11  -0.11     0.07
  MONTH TO DATE    1.68                      2.60  -0.92     1.76
  SINCE MAR 1      6.33                      6.52  -0.19     6.74
  SINCE JAN 1     14.77                     12.21   2.56    10.76

SNOWFALL (IN)
  YESTERDAY        0.0           T    1984   0.0    0.0      0.0
  MONTH TO DATE    T                         0.3   -0.3      0.0
  SINCE MAR 1     14.2                       2.2   12.0      3.4
  SINCE JUL 1     28.0                      20.2    7.8      9.0
  SNOW DEPTH       0

DEGREE DAYS
 HEATING
  YESTERDAY       14                        10      4       12
  MONTH TO DATE  365                       293     72      175
  SINCE MAR 1   1153                       976    177      892
  SINCE JUL 1   4513                      4599    -86     3894

 COOLING
  YESTERDAY        0                         1     -1        0
  MONTH TO DATE    8                         2      6       10
  SINCE MAR 1      8                         3      5       10
  SINCE JAN 1      8                         3      5       10
..................................................................


WIND (MPH)
  HIGHEST WIND SPEED    15   HIGHEST WIND DIRECTION     S (160)
  HIGHEST GUST SPEED    17   HIGHEST GUST DIRECTION     S (160)
  AVERAGE WIND SPEED     5.7


SKY COVER
  POSSIBLE SUNSHINE  MM
  AVERAGE SKY COVER 0.0


WEATHER CONDITIONS
 THE FOLLOWING WEATHER WAS RECORDED YESTERDAY.
  NO SIGNIFICANT WEATHER WAS OBSERVED.


RELATIVE HUMIDITY (PERCENT)
 HIGHEST    80          1000 PM
 LOWEST     21          1100 AM
 AVERAGE    51

..........................................................


THE WILMINGTON DE CLIMATE NORMALS FOR TODAY
                         NORMAL    RECORD    YEAR
 MAXIMUM TEMPERATURE (F)   66        89      1960
 MINIMUM TEMPERATURE (F)   45        25      1933


SUNRISE AND SUNSET
APRIL 23 2018.........SUNRISE   614 AM EDT   SUNSET   748 PM EDT
APRIL 24 2018.........SUNRISE   612 AM EDT   SUNSET   749 PM EDT


-  INDICATES NEGATIVE NUMBERS.
R  INDICATES RECORD WAS SET OR TIED.
MM INDICATES DATA IS MISSING.
T  INDICATES TRACE AMOUNT.




$$
