000
CDUS43 KEAX 220041
CLIIRK


CLIMATE REPORT
NATIONAL WEATHER SERVICE KANSAS CITY/PLEASANT HILL MO
741 PM CDT SAT APR 21 2018


...................................

...THE KIRKSVILLE MO CLIMATE SUMMARY FOR APRIL 21 2018...
VALID TODAY AS OF 0700 PM LOCAL TIME.

CLIMATE NORMAL PERIOD 1981 TO 2010
CLIMATE RECORD PERIOD 9999 TO 9999


WEATHER ITEM   OBSERVED TIME   NORMAL DEPARTURE LAST
                VALUE   (LST)  VALUE  FROM      YEAR
                                      NORMAL
......................................................
TEMPERATURE (F)
 TODAY
  MAXIMUM         62    132 PM  65     -3       58
  MINIMUM         42    336 AM  43     -1       41
  AVERAGE         52            54     -2       50

PRECIPITATION (IN)
  TODAY            0.00          0.16  -0.16     0.00
  MONTH TO DATE    0.65          2.36  -1.71     2.80
  SINCE MAR 1      3.47          4.91  -1.44     6.44
  SINCE JAN 1      7.58          7.71  -0.13     8.30

DEGREE DAYS
 HEATING
  TODAY           13            12      1       15
  MONTH TO DATE  518           312    206      173
  SINCE MAR 1   1310          1066    244      815
  SINCE JUL 1   5629          5599     30     4344

 COOLING
  TODAY            0             0      0        0
  MONTH TO DATE    8             0      8       24
  SINCE MAR 1      8             0      8       24
  SINCE JAN 1      8             0      8       24
......................................................


WIND (MPH)
  HIGHEST WIND SPEED    17   HIGHEST WIND DIRECTION     E (90)
  HIGHEST GUST SPEED    25   HIGHEST GUST DIRECTION     E (70)
  AVERAGE WIND SPEED     9.3


SKY COVER
  AVERAGE SKY COVER 0.1


WEATHER CONDITIONS
 THE FOLLOWING WEATHER WAS RECORDED TODAY.
  NO SIGNIFICANT WEATHER WAS OBSERVED.


RELATIVE HUMIDITY (PERCENT)
 HIGHEST    62           600 AM
 LOWEST     29           300 PM
 AVERAGE    46

..........................................................


THE KIRKSVILLE MO CLIMATE NORMALS FOR TOMORROW
                         NORMAL
 MAXIMUM TEMPERATURE (F)   65
 MINIMUM TEMPERATURE (F)   43


SUNRISE AND SUNSET
APRIL 21 2018.........SUNRISE   623 AM CDT   SUNSET   755 PM CDT
APRIL 22 2018.........SUNRISE   622 AM CDT   SUNSET   756 PM CDT


-  INDICATES NEGATIVE NUMBERS.
R  INDICATES RECORD WAS SET OR TIED.
MM INDICATES DATA IS MISSING.
T  INDICATES TRACE AMOUNT.




$$
