000
CDUS42 KJAX 260536
CLIJAX


CLIMATE REPORT
NATIONAL WEATHER SERVICE JACKSONVILLE FL
135 AM EDT SAT MAY 26 2018


...................................

...THE JACKSONVILLE CLIMATE SUMMARY FOR MAY 25 2018...

CLIMATE NORMAL PERIOD 1981 TO 2010
CLIMATE RECORD PERIOD 1871 TO 2018


WEATHER ITEM   OBSERVED TIME   RECORD YEAR NORMAL DEPARTURE LAST
                VALUE   (LST)  VALUE       VALUE  FROM      YEAR
                                                  NORMAL
..................................................................
TEMPERATURE (F)
 YESTERDAY
  MAXIMUM         87    140 PM  99    1953  87      0       83
  MINIMUM         72    417 AM  55    1892  66      6       61
  AVERAGE         80                        76      4       72

PRECIPITATION (IN)
  YESTERDAY        T             2.74 1952   0.10  -0.10     0.00
  MONTH TO DATE    2.30                      1.81   0.49     6.92
  SINCE MAR 1      9.67                      8.40   1.27     8.73
  SINCE JAN 1     15.04                     14.89   0.15    14.13

SNOWFALL (IN)
  YESTERDAY        0.0           0.0  2002   0.0    0.0      0.0
                                      2001
  MONTH TO DATE    0.0                       0.0    0.0      0.0
  SINCE MAR 1      T                         T      0.0      0.0
  SINCE JUL 1      T                         T      0.0      0.0
  SNOW DEPTH       0

DEGREE DAYS
 HEATING
  YESTERDAY        0                         0      0        0
  MONTH TO DATE    0                         3     -3        0
  SINCE MAR 1    237                       214     23      179
  SINCE JUL 1   1103                      1347   -244      782

 COOLING
  YESTERDAY       15                        11      4        7
  MONTH TO DATE  244                       215     29      243
  SINCE MAR 1    396                       382     14      498
  SINCE JAN 1    511                       411    100      570
..................................................................


WIND (MPH)
  HIGHEST WIND SPEED    20   HIGHEST WIND DIRECTION    SE (130)
  HIGHEST GUST SPEED    25   HIGHEST GUST DIRECTION    SE (130)
  AVERAGE WIND SPEED     7.5


SKY COVER
  POSSIBLE SUNSHINE  MM
  AVERAGE SKY COVER 0.7


WEATHER CONDITIONS
 THE FOLLOWING WEATHER WAS RECORDED YESTERDAY.
  LIGHT RAIN


RELATIVE HUMIDITY (PERCENT)
 HIGHEST   100           300 AM
 LOWEST     61          1100 AM
 AVERAGE    81

..........................................................


THE JACKSONVILLE CLIMATE NORMALS FOR TODAY
                         NORMAL    RECORD    YEAR
 MAXIMUM TEMPERATURE (F)   87        99      1953
 MINIMUM TEMPERATURE (F)   66        47      1979


SUNRISE AND SUNSET
MAY 26 2018...........SUNRISE   627 AM EDT   SUNSET   821 PM EDT
MAY 27 2018...........SUNRISE   627 AM EDT   SUNSET   822 PM EDT


-  INDICATES NEGATIVE NUMBERS.
R  INDICATES RECORD WAS SET OR TIED.
MM INDICATES DATA IS MISSING.
T  INDICATES TRACE AMOUNT.




$$
