000
CDUS43 KGRR 230522
CLIJXN


CLIMATE REPORT
NATIONAL WEATHER SERVICE GRAND RAPIDS, MI
119 AM EDT WED MAY 23 2018


...................................

...THE JACKSON MI CLIMATE SUMMARY FOR MAY 22 2018...

CLIMATE NORMAL PERIOD 1981 TO 2010
CLIMATE RECORD PERIOD 1944 TO 9999


WEATHER ITEM   OBSERVED TIME   NORMAL DEPARTURE LAST
                VALUE   (LST)  VALUE  FROM      YEAR
                                      NORMAL
......................................................
TEMPERATURE (F)
 YESTERDAY
  MAXIMUM         72    225 PM  71      1       69
  MINIMUM         51   1150 PM  48      3       50
  AVERAGE         62            60      2       60

PRECIPITATION (IN)
  YESTERDAY        T             0.11  -0.11     0.00
  MONTH TO DATE    6.34          2.31   4.03     3.45
  SINCE MAR 1     11.29          6.82   4.47    12.27
  SINCE JAN 1     16.35          9.60   6.75    17.21

DEGREE DAYS
 HEATING
  YESTERDAY        3             7     -4        5
  MONTH TO DATE   90           208   -118      228
  SINCE MAR 1   1785          1640    145     1498
  SINCE JUL 1   6489          6554    -65     5506

 COOLING
  YESTERDAY        0             1     -1        0
  MONTH TO DATE   22            15      7       25
  SINCE MAR 1     22            21      1       32
  SINCE JAN 1     22            21      1       32
......................................................


WIND (MPH)
  RESULTANT WIND SPEED   4   RESULTANT WIND DIRECTION   W (280)
  HIGHEST WIND SPEED    15   HIGHEST WIND DIRECTION    NW (320)
  HIGHEST GUST SPEED    22   HIGHEST GUST DIRECTION     W (290)
  AVERAGE WIND SPEED     4.8


SKY COVER
  AVERAGE SKY COVER 0.7


WEATHER CONDITIONS
 THE FOLLOWING WEATHER WAS RECORDED YESTERDAY.
  LIGHT RAIN
  FOG
  FOG W/VISIBILITY <= 1/4 MILE
  HAZE


RELATIVE HUMIDITY (PERCENT)
 HIGHEST   100           100 AM
 LOWEST     73           200 PM
 AVERAGE    87

..........................................................


THE JACKSON MI CLIMATE NORMALS FOR TODAY
                         NORMAL
 MAXIMUM TEMPERATURE (F)   71
 MINIMUM TEMPERATURE (F)   48


SUNRISE AND SUNSET
MAY 23 2018...........SUNRISE   610 AM EDT   SUNSET   900 PM EDT
MAY 24 2018...........SUNRISE   609 AM EDT   SUNSET   901 PM EDT


-  INDICATES NEGATIVE NUMBERS.
R  INDICATES RECORD WAS SET OR TIED.
MM INDICATES DATA IS MISSING.
T  INDICATES TRACE AMOUNT.




$$
