000
CDUS43 KGRR 232129
CLILAN


CLIMATE REPORT
NATIONAL WEATHER SERVICE GRAND RAPIDS, MI
529 PM EDT WED MAY 23 2018


...................................

...THE LANSING MI CLIMATE SUMMARY FOR MAY 23 2018...
VALID TODAY AS OF 0500 PM LOCAL TIME.

CLIMATE NORMAL PERIOD 1981 TO 2010
CLIMATE RECORD PERIOD 1864 TO 2018


WEATHER ITEM   OBSERVED TIME   RECORD YEAR NORMAL DEPARTURE LAST
                VALUE   (LST)  VALUE       VALUE  FROM      YEAR
                                                  NORMAL
..................................................................
TEMPERATURE (F)
 TODAY
  MAXIMUM         79    359 PM  91    1977  71      8       69
  MINIMUM         49    532 AM  26    1866  49      0       57
  AVERAGE         64                        60      4       63

PRECIPITATION (IN)
  TODAY            0.00          2.14 1952   0.12  -0.12     0.01
  MONTH TO DATE    4.07                      2.45   1.62     1.88
  SINCE MAR 1      8.43                      7.54   0.89    10.17
  SINCE JAN 1     15.04                     10.66   4.38    16.45

SNOWFALL (IN)
  TODAY            0.0           T    1917   0.0    0.0      0.0
  MONTH TO DATE    0.0                       0.0    0.0      0.0
  SINCE MAR 1      8.0                       8.9   -0.9      2.6
  SINCE JUL 1     53.3                      51.1    2.2     30.2
  SNOW DEPTH       0

DEGREE DAYS
 HEATING
  TODAY            1                         7     -6        2
  MONTH TO DATE  112                       216   -104      227
  SINCE MAR 1   1826                      1679    147     1526
  SINCE JUL 1   6604                      6614    -10     5571

 COOLING
  TODAY            0                         2     -2        0
  MONTH TO DATE   19                        18      1       20
  SINCE MAR 1     19                        25     -6       28
  SINCE JAN 1     19                        25     -6       28
..................................................................


WIND (MPH)
  RESULTANT WIND SPEED   1   RESULTANT WIND DIRECTION  NW (300)
  HIGHEST WIND SPEED    10   HIGHEST WIND DIRECTION     W (260)
  HIGHEST GUST SPEED    14   HIGHEST GUST DIRECTION     W (270)
  AVERAGE WIND SPEED     3.6


SKY COVER
  AVERAGE SKY COVER 0.0


WEATHER CONDITIONS
 THE FOLLOWING WEATHER WAS RECORDED TODAY.
  FOG


RELATIVE HUMIDITY (PERCENT)
 HIGHEST   100          1200 AM
 LOWEST     32           300 PM
 AVERAGE    66

..........................................................


THE LANSING MI CLIMATE NORMALS FOR TOMORROW
                         NORMAL    RECORD    YEAR
 MAXIMUM TEMPERATURE (F)   71        88      1975
 MINIMUM TEMPERATURE (F)   49        30      1897


SUNRISE AND SUNSET
MAY 23 2018...........SUNRISE   609 AM EDT   SUNSET   902 PM EDT
MAY 24 2018...........SUNRISE   608 AM EDT   SUNSET   903 PM EDT


-  INDICATES NEGATIVE NUMBERS.
R  INDICATES RECORD WAS SET OR TIED.
MM INDICATES DATA IS MISSING.
T  INDICATES TRACE AMOUNT.




$$
