000
CDUS45 KVEF 220832
CLILAS


CLIMATE REPORT
NATIONAL WEATHER SERVICE LAS VEGAS, NV
132 AM PDT TUE MAY 22 2018


...................................

...THE LAS VEGAS NV CLIMATE SUMMARY FOR MAY 21 2018...

CLIMATE NORMAL PERIOD 1981 TO 2010
CLIMATE RECORD PERIOD 1937 TO 2018


WEATHER ITEM   OBSERVED TIME   RECORD YEAR NORMAL DEPARTURE LAST
                VALUE   (LST)  VALUE       VALUE  FROM      YEAR
                                                  NORMAL
..................................................................
TEMPERATURE (F)
 YESTERDAY
  MAXIMUM         85    343 PM 104    2012  91     -6       97
                                      1942
  MINIMUM         73    625 AM  42    1975  67      6       67
  AVERAGE         79                        79      0       82

PRECIPITATION (IN)
  YESTERDAY        T             0.10 1951   0.00   0.00     0.00
  MONTH TO DATE    0.24                      0.08   0.16     0.08
  SINCE OCT 1      1.98                      3.10  -1.12     2.65
  SINCE JAN 1      1.98                      1.97   0.01     1.59

SNOWFALL (IN)
  YESTERDAY        0.0           0.0    MM   0.0    0.0      0.0
  MONTH TO DATE    0.0                       0.0    0.0      0.0
  SINCE MAR 1      0.0                       0.0    0.0      0.0
  SINCE JUL 1      0.0                       0.3   -0.3      0.0
  SNOW DEPTH       0

DEGREE DAYS
 HEATING
  YESTERDAY        0                         0      0        0
  MONTH TO DATE   12                         4      8        7
  SINCE MAR 1    194                       256    -62       98
  SINCE JUL 1   1313                      1947   -634     1470

 COOLING
  YESTERDAY       14                        14      0       17
  MONTH TO DATE  284                       233     51      191
  SINCE MAR 1    546                       392    154      466
  SINCE JAN 1    546                       393    153      469
..................................................................


WIND (MPH)
  RESULTANT WIND SPEED   1   RESULTANT WIND DIRECTION  SW (220)
  HIGHEST WIND SPEED    23   HIGHEST WIND DIRECTION     E (70)
  HIGHEST GUST SPEED    27   HIGHEST GUST DIRECTION    NE (50)
  AVERAGE WIND SPEED    10.1


SKY COVER
  POSSIBLE SUNSHINE  MM
  AVERAGE SKY COVER 0.8


WEATHER CONDITIONS
 THE FOLLOWING WEATHER WAS RECORDED YESTERDAY.
  THUNDERSTORM
  LIGHT RAIN


RELATIVE HUMIDITY (PERCENT)
 HIGHEST    31          1100 AM
 LOWEST     13           400 PM
 AVERAGE    22

..........................................................


THE LAS VEGAS NV CLIMATE NORMALS FOR TODAY
                         NORMAL    RECORD    YEAR
 MAXIMUM TEMPERATURE (F)   91       108      2000
 MINIMUM TEMPERATURE (F)   68        45      1975


SUNRISE AND SUNSET
MAY 22 2018...........SUNRISE   530 AM PDT   SUNSET   745 PM PDT
MAY 23 2018...........SUNRISE   529 AM PDT   SUNSET   746 PM PDT


-  INDICATES NEGATIVE NUMBERS.
R  INDICATES RECORD WAS SET OR TIED.
MM INDICATES DATA IS MISSING.
T  INDICATES TRACE AMOUNT.




$$
