073
CDUS46 KLOX 200902
CLILAX


CLIMATE REPORT
NATIONAL WEATHER SERVICE LOS ANGELES/OXNARD CA
202 AM PDT SUN MAY 20 2018


...................................

...THE LOS ANGELES INTL AIRPORT CA CLIMATE SUMMARY FOR MAY 19 2018...

CLIMATE NORMAL PERIOD 1981 TO 2010
CLIMATE RECORD PERIOD 1944 TO 2018


WEATHER ITEM   OBSERVED TIME   RECORD YEAR NORMAL DEPARTURE LAST
                VALUE   (LST)  VALUE       VALUE  FROM      YEAR
                                                  NORMAL
..................................................................
TEMPERATURE (F)
 YESTERDAY
  MAXIMUM         67    210 PM  81    2017  68     -1       81
  MINIMUM         58    230 AM  48    1948  58      0       58
                                      1945
  AVERAGE         63                        63      0       70

PRECIPITATION (IN)
  YESTERDAY        0.00          0.08 1957   0.01  -0.01     0.00
  MONTH TO DATE    0.06                      0.16  -0.10     0.13
  SINCE OCT 1      3.79                     12.39  -8.60    16.32
  SINCE JAN 1      3.68                      8.67  -4.99    12.07

SNOWFALL (IN)
  YESTERDAY        0.0
  MONTH TO DATE    0.0
  SINCE MAR 1      0.0
  SINCE JUL 1      0.0

DEGREE DAYS
 HEATING
  YESTERDAY        2                         3     -1        0
  MONTH TO DATE   43                        62    -19       56
  SINCE MAR 1    333                       441   -108      235
  SINCE JUL 1    782                      1370   -588     1008

 COOLING
  YESTERDAY        0                         0      0        5
  MONTH TO DATE    3                         4     -1        9
  SINCE MAR 1     22                        21      1       44
  SINCE JAN 1     53                        30     23       44
..................................................................


WIND (MPH)
  HIGHEST WIND SPEED    16   HIGHEST WIND DIRECTION     W (260)
  HIGHEST GUST SPEED    20   HIGHEST GUST DIRECTION     W (270)
  AVERAGE WIND SPEED     7.6


SKY COVER
  POSSIBLE SUNSHINE  MM
  AVERAGE SKY COVER 0.9


WEATHER CONDITIONS
 THE FOLLOWING WEATHER WAS RECORDED YESTERDAY.
  NO SIGNIFICANT WEATHER WAS OBSERVED.


RELATIVE HUMIDITY (PERCENT)
 HIGHEST    87          1200 AM
 LOWEST     68           100 PM
 AVERAGE    78

..........................................................


THE LOS ANGELES INTL AIRPORT CA CLIMATE NORMALS FOR TODAY
                         NORMAL    RECORD    YEAR
 MAXIMUM TEMPERATURE (F)   68        87      2017
 MINIMUM TEMPERATURE (F)   58        46      1948


SUNRISE AND SUNSET
MAY 20 2018...........SUNRISE   549 AM PDT   SUNSET   752 PM PDT
MAY 21 2018...........SUNRISE   548 AM PDT   SUNSET   752 PM PDT


-  INDICATES NEGATIVE NUMBERS.
R  INDICATES RECORD WAS SET OR TIED.
MM INDICATES DATA IS MISSING.
T  INDICATES TRACE AMOUNT.




$$
