255
CDUS43 KLBF 202229
CLILBF


CLIMATE REPORT
NATIONAL WEATHER SERVICE NORTH PLATTE
528 PM CDT SUN MAY 20 2018


...................................

...THE NORTH PLATTE NE CLIMATE SUMMARY FOR MAY 20 2018...
VALID TODAY AS OF 0500 PM LOCAL TIME.

CLIMATE NORMAL PERIOD 1981 TO 2010
CLIMATE RECORD PERIOD 1874 TO 2018


WEATHER ITEM   OBSERVED TIME   RECORD YEAR NORMAL DEPARTURE LAST
                VALUE   (LST)  VALUE       VALUE  FROM      YEAR
                                                  NORMAL
..................................................................
TEMPERATURE (F)
 TODAY
  MAXIMUM         65    423 PM  97    1925  73     -8       43
  MINIMUM         49    630 AM  27    1968  46      3       32
  AVERAGE         57                        59     -2       38

PRECIPITATION (IN)
  TODAY            0.00          1.25 1916   0.11  -0.11     0.55
  MONTH TO DATE    5.65                      1.98   3.67     2.97
  SINCE MAR 1      7.82                      5.30   2.52     7.02
  SINCE JAN 1      9.72                      6.14   3.58     8.21

SNOWFALL (IN)
  TODAY            0.0           T    2017   0.0    0.0       T
  MONTH TO DATE    0.0                       0.0    0.0       T
  SINCE MAR 1     12.6                       7.6    5.0      1.0
  SINCE JUL 1     49.1                      28.5   20.6     21.3
  SNOW DEPTH       0

DEGREE DAYS
 HEATING
  TODAY            8                         7      1       27
  MONTH TO DATE  110                       187    -77      179
  SINCE MAR 1   1546                      1549     -3     1251
  SINCE JUL 1   6572                      6577     -5     5573

 COOLING
  TODAY            0                         1     -1        0
  MONTH TO DATE   15                        10      5       15
  SINCE MAR 1     22                        13      9       17
  SINCE JAN 1     22                        13      9       17
..................................................................


WIND (MPH)
  HIGHEST WIND SPEED    14   HIGHEST WIND DIRECTION     N (340)
  HIGHEST GUST SPEED    19   HIGHEST GUST DIRECTION     N (340)
  AVERAGE WIND SPEED     8.7


SKY COVER
  POSSIBLE SUNSHINE  MM
  AVERAGE SKY COVER 1.0


WEATHER CONDITIONS
 THE FOLLOWING WEATHER WAS RECORDED TODAY.
  NO SIGNIFICANT WEATHER WAS OBSERVED.


RELATIVE HUMIDITY (PERCENT)
 HIGHEST    86          1200 AM
 LOWEST     52           400 PM
 AVERAGE    69

..........................................................


THE NORTH PLATTE NE CLIMATE NORMALS FOR TOMORROW
                         NORMAL    RECORD    YEAR
 MAXIMUM TEMPERATURE (F)   73        94      1927
                                             1925
 MINIMUM TEMPERATURE (F)   46        30      2017
                                             2015
                                             1963


SUNRISE AND SUNSET
MAY 20 2018...........SUNRISE   620 AM CDT   SUNSET   859 PM CDT
MAY 21 2018...........SUNRISE   619 AM CDT   SUNSET   900 PM CDT


-  INDICATES NEGATIVE NUMBERS.
R  INDICATES RECORD WAS SET OR TIED.
MM INDICATES DATA IS MISSING.
T  INDICATES TRACE AMOUNT.




$$
