000
CDUS44 KLZK 230641
CLILIT


CLIMATE REPORT
NATIONAL WEATHER SERVICE LITTLE ROCK AR
140 AM CDT MON APR 23 2018


...................................

...THE LITTLE ROCK ADAMS FIELD CLIMATE SUMMARY FOR APRIL 22 2018...

CLIMATE NORMAL PERIOD 1981 TO 2010
CLIMATE RECORD PERIOD 1874 TO 2018


WEATHER ITEM   OBSERVED TIME   RECORD YEAR NORMAL DEPARTURE LAST
                VALUE   (LST)  VALUE       VALUE  FROM      YEAR
                                                  NORMAL
..................................................................
TEMPERATURE (F)
 YESTERDAY
  MAXIMUM         68    317 PM  92    1955  75     -7       60
  MINIMUM         53   1049 PM  38    1927  53      0       50
  AVERAGE         61                        64     -3       55

PRECIPITATION (IN)
  YESTERDAY        0.13          2.47 1985   0.18  -0.05     0.46
  MONTH TO DATE    5.12                      3.70   1.42     3.28
  SINCE MAR 1      8.97                      8.38   0.59     7.15
  SINCE JAN 1     25.23                     15.59   9.64    12.15

SNOWFALL (IN)
  YESTERDAY        0.0          MM      MM   0.0    0.0      0.0
  MONTH TO DATE    T                         0.0    0.0      0.0
  SINCE MAR 1      T                         0.4   -0.4      0.0
  SINCE JUL 1      1.7                       3.5   -1.8      0.2
  SNOW DEPTH       0

DEGREE DAYS
 HEATING
  YESTERDAY        4                         3      1       10
  MONTH TO DATE  245                       125    120       51
  SINCE MAR 1    533                       500     33      331
  SINCE JUL 1   3058                      3013     45     2245

 COOLING
  YESTERDAY        0                         2     -2        0
  MONTH TO DATE   12                        34    -22       60
  SINCE MAR 1     26                        48    -22       81
  SINCE JAN 1     35                        50    -15       93
..................................................................


WIND (MPH)
  HIGHEST WIND SPEED    20   HIGHEST WIND DIRECTION    NW (300)
  HIGHEST GUST SPEED    26   HIGHEST GUST DIRECTION    NW (300)
  AVERAGE WIND SPEED     8.1


SKY COVER
  POSSIBLE SUNSHINE  MM
  AVERAGE SKY COVER 1.0


WEATHER CONDITIONS
 THE FOLLOWING WEATHER WAS RECORDED YESTERDAY.
  HEAVY RAIN
  RAIN
  LIGHT RAIN
  FOG


RELATIVE HUMIDITY (PERCENT)
 HIGHEST   100          1200 AM
 LOWEST     73           300 PM
 AVERAGE    87

..........................................................


THE LITTLE ROCK ADAMS FIELD CLIMATE NORMALS FOR TODAY
                         NORMAL    RECORD    YEAR
 MAXIMUM TEMPERATURE (F)   75        90      2009
 MINIMUM TEMPERATURE (F)   53        40      1982


SUNRISE AND SUNSET
APRIL 23 2018.........SUNRISE   627 AM CDT   SUNSET   748 PM CDT
APRIL 24 2018.........SUNRISE   626 AM CDT   SUNSET   748 PM CDT


-  INDICATES NEGATIVE NUMBERS.
R  INDICATES RECORD WAS SET OR TIED.
MM INDICATES DATA IS MISSING.
T  INDICATES TRACE AMOUNT.




$$
