000
CDUS46 KMFR 230037
CLILMT


CLIMATE REPORT
NATIONAL WEATHER SERVICE MEDFORD, OR
537 PM PDT TUE MAY 22 2018


...................................

...THE KLAMATH FALLS OR CLIMATE SUMMARY FOR MAY 22 2018...
VALID TODAY AS OF 0500 PM LOCAL TIME.

CLIMATE NORMAL PERIOD 1981 TO 2010
CLIMATE RECORD PERIOD 1928 TO 2018


WEATHER ITEM   OBSERVED TIME   RECORD YEAR NORMAL DEPARTURE LAST
                VALUE   (LST)  VALUE       VALUE  FROM      YEAR
                                                  NORMAL
..................................................................
TEMPERATURE (F)
 TODAY
  MAXIMUM         79    350 PM  87    2001  67     12       83
  MINIMUM         42    458 AM  23    2013  38      4       51
                                      1960
  AVERAGE         61                        52      9       67

PRECIPITATION (IN)
  TODAY            0.00          0.38 1945   0.03  -0.03     0.00
  MONTH TO DATE    0.26                      1.21  -0.95     0.10
  SINCE OCT 1      6.63                     12.31  -5.68    10.78
  SINCE JAN 1      4.38                      7.62  -3.24     6.03

SNOWFALL (IN)
  TODAY           MM                        MM     MM       MM
  MONTH TO DATE    0.0                      MM     MM       MM
  SINCE JUL 1      0.0                      MM     MM       MM
  SNOW DEPTH      MM

DEGREE DAYS
 HEATING
  TODAY            4                        13     -9        0
  MONTH TO DATE  221                       332   -111      314
  SINCE MAR 1   1684                      1810   -126     1695
  SINCE JUL 1   6113                      6651   -538     6533

 COOLING
  TODAY            0                         0      0        2
  MONTH TO DATE    0                         0      0        2
  SINCE MAR 1      1                         0      1        2
  SINCE JAN 1      1                         0      1        2
..................................................................


WIND (MPH)
  HIGHEST WIND SPEED    10   HIGHEST WIND DIRECTION     W (290)
  HIGHEST GUST SPEED    15   HIGHEST GUST DIRECTION    NW (330)
  AVERAGE WIND SPEED     3.5


SKY COVER
  POSSIBLE SUNSHINE  MM
  AVERAGE SKY COVER 0.1


WEATHER CONDITIONS
 THE FOLLOWING WEATHER WAS RECORDED TODAY.
  NO SIGNIFICANT WEATHER WAS OBSERVED.


RELATIVE HUMIDITY (PERCENT)
 HIGHEST    89           500 AM
 LOWEST     23           400 PM

..........................................................


THE KLAMATH FALLS OR CLIMATE NORMALS FOR TOMORROW
                         NORMAL    RECORD    YEAR
 MAXIMUM TEMPERATURE (F)   67        88      2001
 MINIMUM TEMPERATURE (F)   38        22      2010


SUNRISE AND SUNSET
MAY 22 2018...........SUNRISE   540 AM PDT   SUNSET   828 PM PDT
MAY 23 2018...........SUNRISE   539 AM PDT   SUNSET   829 PM PDT


-  INDICATES NEGATIVE NUMBERS.
R  INDICATES RECORD WAS SET OR TIED.
MM INDICATES DATA IS MISSING.
T  INDICATES TRACE AMOUNT.




$$
