000
CDUS43 KLMK 240629
CLILOU


CLIMATE REPORT
NATIONAL WEATHER SERVICE LOUISVILLE KY
228 AM EDT TUE APR 24 2018


...................................

...THE LOUISVILLE BOWMAN KY CLIMATE SUMMARY FOR APRIL 23 2018...

CLIMATE NORMAL PERIOD 1981 TO 2010
CLIMATE RECORD PERIOD 9999 TO 9999


WEATHER ITEM   OBSERVED TIME   RECORD YEAR NORMAL DEPARTURE LAST
                VALUE   (LST)  VALUE       VALUE  FROM      YEAR
                                                  NORMAL
..................................................................
TEMPERATURE (F)
 YESTERDAY
  MAXIMUM         64    237 PM  MM      MM  70     -6       63
  MINIMUM         52    545 AM  MM      MM  49      3       47
  AVERAGE         58                        60     -2       55

PRECIPITATION (IN)
  YESTERDAY        0.59         MM      MM   0.16   0.43     0.00
  MONTH TO DATE    3.27                      2.91   0.36     3.28
  SINCE MAR 1      8.14                      7.07   1.07     6.73
  SINCE JAN 1     20.01                     13.63   6.38    12.75

SNOWFALL (IN)
  YESTERDAY       MM            MM      MM  MM     MM       MM
  MONTH TO DATE   MM                        MM     MM       MM
  SINCE MAR 1     MM                        MM     MM       MM
  SINCE JUL 1     MM                        MM     MM       MM
  SNOW DEPTH      MM

DEGREE DAYS
 HEATING
  YESTERDAY        7                         7      0       10
  MONTH TO DATE  338                       230    108       98
  SINCE MAR 1    975                       792    183      578
  SINCE JUL 1   4237                      4153     84     3140

 COOLING
  YESTERDAY        0                         1     -1        0
  MONTH TO DATE   16                        23     -7       58
  SINCE MAR 1     16                        27    -11       67
  SINCE JAN 1     26                        27     -1       70
..................................................................


WIND (MPH)
  HIGHEST WIND SPEED    18   HIGHEST WIND DIRECTION     E (100)
  HIGHEST GUST SPEED    28   HIGHEST GUST DIRECTION     E (100)
  AVERAGE WIND SPEED    10.1


SKY COVER
  POSSIBLE SUNSHINE  MM
  AVERAGE SKY COVER 0.9


WEATHER CONDITIONS
 THE FOLLOWING WEATHER WAS RECORDED YESTERDAY.
  RAIN
  LIGHT RAIN
  FOG


RELATIVE HUMIDITY (PERCENT)
 HIGHEST   100          1000 AM
 LOWEST     30          1200 AM
 AVERAGE    65

..........................................................


THE LOUISVILLE BOWMAN KY CLIMATE NORMALS FOR TODAY
                         NORMAL
 MAXIMUM TEMPERATURE (F)   70
 MINIMUM TEMPERATURE (F)   50


SUNRISE AND SUNSET
APRIL 24 2018.........SUNRISE   655 AM EDT   SUNSET   827 PM EDT
APRIL 25 2018.........SUNRISE   653 AM EDT   SUNSET   828 PM EDT


-  INDICATES NEGATIVE NUMBERS.
R  INDICATES RECORD WAS SET OR TIED.
MM INDICATES DATA IS MISSING.
T  INDICATES TRACE AMOUNT.




$$
