000
CDUS44 KLZK 240635
CLILZK


CLIMATE REPORT
NATIONAL WEATHER SERVICE LITTLE ROCK AR
134 AM CDT THU MAY 24 2018


...................................

...THE NORTH LITTLE ROCK CLIMATE SUMMARY FOR MAY 23 2018...

CLIMATE NORMAL PERIOD 1981 TO 2010
CLIMATE RECORD PERIOD 1975 TO 2018


WEATHER ITEM   OBSERVED TIME   RECORD YEAR NORMAL DEPARTURE LAST
                VALUE   (LST)  VALUE       VALUE  FROM      YEAR
                                                  NORMAL
..................................................................
TEMPERATURE (F)
 YESTERDAY
  MAXIMUM         87        MM  93    1996  82      5       77
  MINIMUM         66        MM  52    1990  64      2       58
  AVERAGE         77                        73      4       68

PRECIPITATION (IN)
  YESTERDAY        1.01          1.63 1987   0.15   0.86     0.28
  MONTH TO DATE    2.66                      3.85  -1.19     4.77
  SINCE MAR 1     11.78                     13.41  -1.63    18.17
  SINCE JAN 1     27.65                     20.49   7.16    23.45

SNOWFALL (IN)
  YESTERDAY        0.0          MM      MM   0.0    0.0      0.0
  MONTH TO DATE    0.0                       0.0    0.0      0.0
  SINCE MAR 1      T                         0.4   -0.4       T
  SINCE JUL 1      1.5                       4.4   -2.9      0.8
  SNOW DEPTH       0

DEGREE DAYS
 HEATING
  YESTERDAY        0                         0      0        0
  MONTH TO DATE    0                        21    -21       21
  SINCE MAR 1    590                       517     73      363
  SINCE JUL 1   3037                      3003     34     2196

 COOLING
  YESTERDAY       12                         8      4        3
  MONTH TO DATE  232                       134     98      111
  SINCE MAR 1    252                       221     31      221
  SINCE JAN 1    255                       223     32      238
..................................................................


WIND (MPH)
  HIGHEST WIND SPEED    MM   HIGHEST WIND DIRECTION    MM
  HIGHEST GUST SPEED    MM   HIGHEST GUST DIRECTION    MM
  AVERAGE WIND SPEED    MM


SKY COVER
  POSSIBLE SUNSHINE  MM
  AVERAGE SKY COVER  MM


WEATHER CONDITIONS
 THE FOLLOWING WEATHER WAS RECORDED YESTERDAY.
  THUNDERSTORM
  HEAVY RAIN
  RAIN
  LIGHT RAIN
  FOG


RELATIVE HUMIDITY (PERCENT)
 HIGHEST    MM
 LOWEST     MM
 AVERAGE    MM

..........................................................


THE NORTH LITTLE ROCK CLIMATE NORMALS FOR TODAY
                         NORMAL    RECORD    YEAR
 MAXIMUM TEMPERATURE (F)   82        91      2010
                                             1996
                                             1978
 MINIMUM TEMPERATURE (F)   64        53      1979


SUNRISE AND SUNSET
MAY 24 2018...........SUNRISE   600 AM CDT   SUNSET   812 PM CDT
MAY 25 2018...........SUNRISE   600 AM CDT   SUNSET   813 PM CDT


-  INDICATES NEGATIVE NUMBERS.
R  INDICATES RECORD WAS SET OR TIED.
MM INDICATES DATA IS MISSING.
T  INDICATES TRACE AMOUNT.




$$
