331
CDUS43 KDTX 210537
CLIMBS


CLIMATE REPORT
NATIONAL WEATHER SERVICE DETROIT/PONTIAC MI
136 AM EDT SAT APR 21 2018


...................................

...THE TRI CITIES MI CLIMATE SUMMARY FOR APRIL 20 2018...

CLIMATE NORMAL PERIOD 1981 TO 2010
CLIMATE RECORD PERIOD 1898 TO 2018


WEATHER ITEM   OBSERVED TIME   NORMAL DEPARTURE LAST
                VALUE   (LST)  VALUE  FROM      YEAR
                                      NORMAL
......................................................
TEMPERATURE (F)
 YESTERDAY
  MAXIMUM         59    454 PM  58      1       53
  MINIMUM         29    616 AM  38     -9       43
  AVERAGE         44            48     -4

PRECIPITATION (IN)
  YESTERDAY        0.00          0.10  -0.10
  MONTH TO DATE    2.47          1.90   0.57
  SINCE MAR 1      3.16          3.96  -0.80
  SINCE JAN 1      7.09          7.28  -0.19

SNOWFALL (IN)
  YESTERDAY        0.0           0.0    0.0      0.0
  MONTH TO DATE    5.5           1.5    4.0       T
  SINCE MAR 1     10.3           7.9    2.4      7.5
  SINCE JUL 1     41.4          41.3    0.1     37.4
  SNOW DEPTH       0

DEGREE DAYS
 HEATING
  YESTERDAY       21                    4
  MONTH TO DATE  603                  183
  SINCE MAR 1   1600                  211
  SINCE JUL 1   6456                  -32

 COOLING
  YESTERDAY        0                    0
  MONTH TO DATE    0                    0
  SINCE MAR 1      0                    0
  SINCE JAN 1      0                    0
......................................................


WIND (MPH)
  HIGHEST WIND SPEED    15   HIGHEST WIND DIRECTION    NE (60)
  HIGHEST GUST SPEED    19   HIGHEST GUST DIRECTION    NE (50)
  AVERAGE WIND SPEED     6.0



WEATHER CONDITIONS
 THE FOLLOWING WEATHER WAS RECORDED YESTERDAY.
  NO SIGNIFICANT WEATHER WAS OBSERVED.


RELATIVE HUMIDITY (PERCENT)
 HIGHEST    82
 LOWEST     23
 AVERAGE    53

..........................................................


THE TRI CITIES MI CLIMATE NORMALS FOR TODAY
                         NORMAL
 MAXIMUM TEMPERATURE (F)   59
 MINIMUM TEMPERATURE (F)   38


SUNRISE AND SUNSET
APRIL 21 2018.........SUNRISE   644 AM EDT   SUNSET   827 PM EDT
APRIL 22 2018.........SUNRISE   642 AM EDT   SUNSET   828 PM EDT


-  INDICATES NEGATIVE NUMBERS.
R  INDICATES RECORD WAS SET OR TIED.
MM INDICATES DATA IS MISSING.
T  INDICATES TRACE AMOUNT.




$$
