000
CDUS43 KEAX 250633
CLIMCI

CLIMATE REPORT
NATIONAL WEATHER SERVICE KANSAS CITY/PLEASANT HILL MO
132 AM CDT WED APR 25 2018


...................................

...THE KANSAS CITY INTERNATIONAL MO CLIMATE SUMMARY FOR APRIL 24 2018...

CLIMATE NORMAL PERIOD 1981 TO 2010
CLIMATE RECORD PERIOD 1888 TO 2018


WEATHER ITEM   OBSERVED TIME   RECORD YEAR NORMAL DEPARTURE LAST
                VALUE   (LST)  VALUE       VALUE  FROM      YEAR
                                                  NORMAL
..................................................................
TEMPERATURE (F)
 YESTERDAY
  MAXIMUM         78    239 PM  90    1989  68     10       75
  MINIMUM         46    544 AM  27    1967  47     -1       41
  AVERAGE         62                        58      4       58

PRECIPITATION (IN)
  YESTERDAY        0.00          0.91 1897   0.14  -0.14     0.00
  MONTH TO DATE    0.59                      2.79  -2.20     4.27
  SINCE MAR 1      2.24                      5.16  -2.92     7.08
  SINCE JAN 1      4.69                      7.69  -3.00     8.53

SNOWFALL (IN)
  YESTERDAY        0.0           1.1  1918   0.0    0.0      0.0
  MONTH TO DATE    1.9                       0.6    1.3      0.0
  SINCE MAR 1      1.9                       2.6   -0.7      0.4
  SINCE JUL 1      7.7                      18.8  -11.1      4.9
  SNOW DEPTH       0

DEGREE DAYS
 HEATING
  YESTERDAY        3                         8     -5        7
  MONTH TO DATE  483                       285    198      176
  SINCE MAR 1   1138                       931    207      701
  SINCE JUL 1   5065                      4976     89     3955

 COOLING
  YESTERDAY        0                         1     -1        0
  MONTH TO DATE    6                        18    -12       27
  SINCE MAR 1      6                        21    -15       33
  SINCE JAN 1      6                        21    -15       33
..................................................................


WIND (MPH)
  HIGHEST WIND SPEED    26   HIGHEST WIND DIRECTION    NW (310)
  HIGHEST GUST SPEED    38   HIGHEST GUST DIRECTION    NW (320)
  AVERAGE WIND SPEED    10.0


SKY COVER
  POSSIBLE SUNSHINE  MM
  AVERAGE SKY COVER 0.5


WEATHER CONDITIONS
 THE FOLLOWING WEATHER WAS RECORDED YESTERDAY.
  HAZE


RELATIVE HUMIDITY (PERCENT)
 HIGHEST    67          1100 PM
 LOWEST     21           100 PM
 AVERAGE    44

..........................................................


THE KANSAS CITY INTERNATIONAL MO CLIMATE NORMALS FOR TODAY
                         NORMAL    RECORD    YEAR
 MAXIMUM TEMPERATURE (F)   69        92      2012
 MINIMUM TEMPERATURE (F)   48        33      2013


SUNRISE AND SUNSET
APRIL 25 2018.........SUNRISE   628 AM CDT   SUNSET   806 PM CDT
APRIL 26 2018.........SUNRISE   627 AM CDT   SUNSET   807 PM CDT


-  INDICATES NEGATIVE NUMBERS.
R  INDICATES RECORD WAS SET OR TIED.
MM INDICATES DATA IS MISSING.
T  INDICATES TRACE AMOUNT.


&&

...MISCELLANEOUS CLIMATE DATA FROM YESTERDAY...

LOCATION                HIGH    LOW      PRECIP
ST. JOSEPH               79      35       0.00
DOWNTOWN KANSAS CITY     78      44       0.00
OLATHE NEW CENTURY       77      44       T
OLATHE JO CO EXEC        76      50       T
LEES SUMMIT              77      48       0.00
KIRKSVILLE               76      41       0.00
CHILLICOTHE              79      44       0.00
SEDALIA                  78      46       0.00
NWS PLEASANT HILL MO     74      49       0.00


THIS PRODUCT...ALONG WITH OTHER WEATHER...HYDROLOGICAL AND CLIMATE
INFORMATION...IS AVAILABLE ON THE WEB AT HTTP://WWW.WEATHER.GOV/EAX
OR AT HTTP://WEATHER.GOV

$$
