000
CDUS43 KDMX 210948 RRA
CLIMCW

CLIMATE REPORT
NATIONAL WEATHER SERVICE DES MOINES IA
447 AM CDT SAT APR 21 2018

...................................

...THE MASON CITY IA CLIMATE SUMMARY FOR APRIL 20 2018...

CLIMATE NORMAL PERIOD 1981 TO 2010
CLIMATE RECORD PERIOD 1893 TO 2018


WEATHER ITEM   OBSERVED TIME   RECORD YEAR NORMAL DEPARTURE LAST
                VALUE   (LST)  VALUE       VALUE  FROM      YEAR
                                                  NORMAL
..................................................................
TEMPERATURE (F)
 YESTERDAY
  MAXIMUM         46    127 PM  85    1985  61    -15       49
  MINIMUM         17R   430 AM  17    2018  37    -20       41
  AVERAGE         32                        49    -17       45

PRECIPITATION (IN)
  YESTERDAY        0.00          2.46 2014   0.13  -0.13      T
  MONTH TO DATE    4.00                      2.37   1.63     3.37
  SINCE MAR 1      6.14                      4.60   1.54     5.28
  SINCE JAN 1      8.69                      6.42   2.27     9.27

SNOWFALL (IN)
  YESTERDAY        0.0           1.8  1993   0.1   -0.1      0.0
  MONTH TO DATE   26.9                       2.3   24.6      0.0
  SINCE MAR 1     45.4                       8.3   37.1      8.5
  SINCE JUL 1     65.8                      40.8   25.0     47.9
  SNOW DEPTH       0

DEGREE DAYS
 HEATING
  YESTERDAY       33                        16     17       20
  MONTH TO DATE  739                       413    326      285
  SINCE MAR 1   1802                      1407    395     1303
  SINCE JUL 1   7560                      7258    302     6215

 COOLING
  YESTERDAY        0                         0      0        0
  MONTH TO DATE    0                         0      0        0
  SINCE MAR 1      0                         0      0        0
  SINCE JAN 1      0                         0      0        0
..................................................................


WIND (MPH)
  HIGHEST WIND SPEED    12   HIGHEST WIND DIRECTION    NE (40)
  HIGHEST GUST SPEED    12   HIGHEST GUST DIRECTION    NE (40)
  AVERAGE WIND SPEED     3.7


SKY COVER
  POSSIBLE SUNSHINE  MM
  AVERAGE SKY COVER 0.0


WEATHER CONDITIONS
 THE FOLLOWING WEATHER WAS RECORDED YESTERDAY.
  FOG
  HAZE


RELATIVE HUMIDITY (PERCENT)
 HIGHEST    92           100 AM
 LOWEST     57           100 PM
 AVERAGE    75

..........................................................


THE MASON CITY IA CLIMATE NORMALS FOR TODAY
                         NORMAL    RECORD    YEAR
 MAXIMUM TEMPERATURE (F)   61        93      1980
 MINIMUM TEMPERATURE (F)   37        19      1934


SUNRISE AND SUNSET
APRIL 21 2018.........SUNRISE   622 AM CDT   SUNSET   803 PM CDT
APRIL 22 2018.........SUNRISE   620 AM CDT   SUNSET   804 PM CDT


-  INDICATES NEGATIVE NUMBERS.
R  INDICATES RECORD WAS SET OR TIED.
MM INDICATES DATA IS MISSING.
T  INDICATES TRACE AMOUNT.




$$
