000
CDUS44 KMEG 260644
CLIMEG


CLIMATE REPORT
NATIONAL WEATHER SERVICE MEMPHIS TN
143 AM CDT THU APR 26 2018


...................................

...THE MEMPHIS/GERMANTOWN WFO CLIMATE SUMMARY FOR APRIL 25 2018...

CLIMATE NORMAL PERIOD 1981 TO 2010
CLIMATE RECORD PERIOD 1988 TO 2018


WEATHER ITEM   OBSERVED TIME   RECORD YEAR NORMAL DEPARTURE LAST
                VALUE   (LST)  VALUE       VALUE  FROM      YEAR
                                                  NORMAL
..................................................................
TEMPERATURE (F)
 YESTERDAY
  MAXIMUM         73   1037 AM  87    1990  75     -2       83
  MINIMUM         48    518 AM  36    2013  52     -4       53
  AVERAGE         61                        63     -2       68

PRECIPITATION (IN)
  YESTERDAY        0.11          2.51 2011   0.19  -0.08     0.00
  MONTH TO DATE    6.47                      4.40   2.07     2.99
  SINCE MAR 1     11.85                      9.35   2.50     7.72
  SINCE JAN 1     30.67                     17.98  12.69    12.93

SNOWFALL (IN)
  YESTERDAY        0.0          MM      MM                   0.0
  MONTH TO DATE    0.0                                       0.0
  SINCE MAR 1      0.0                                       0.4
  SINCE JUL 1      3.8                                       1.4
  SNOW DEPTH       0

DEGREE DAYS
 HEATING
  YESTERDAY        4                         4      0        0
  MONTH TO DATE  270                       173     97       58
  SINCE MAR 1    632                       609     23      365
  SINCE JUL 1   3186                      3355   -169     2206

 COOLING
  YESTERDAY        0                         2     -2        3
  MONTH TO DATE   14                        40    -26       85
  SINCE MAR 1     16                        51    -35      118
  SINCE JAN 1     29                        52    -23      132
..................................................................







THE MEMPHIS/GERMANTOWN WFO CLIMATE NORMALS FOR TODAY
                         NORMAL    RECORD    YEAR
 MAXIMUM TEMPERATURE (F)   75        86      2016
                                             2009
 MINIMUM TEMPERATURE (F)   52        42      1992


SUNRISE AND SUNSET
APRIL 26 2018.........SUNRISE   614 AM CDT   SUNSET   741 PM CDT
APRIL 27 2018.........SUNRISE   613 AM CDT   SUNSET   742 PM CDT


-  INDICATES NEGATIVE NUMBERS.
R  INDICATES RECORD WAS SET OR TIED.
MM INDICATES DATA IS MISSING.
T  INDICATES TRACE AMOUNT.




$$
