000
CDUS44 KJAN 192122
CLIMEI


CLIMATE REPORT
NATIONAL WEATHER SERVICE JACKSON MS
420 PM CDT THU APR 19 2018


...................................

...THE MERIDIAN CLIMATE SUMMARY FOR APRIL 19 2018...
VALID TODAY AS OF 0400 PM LOCAL TIME.

CLIMATE NORMAL PERIOD 1981 TO 2010
CLIMATE RECORD PERIOD 1889 TO 2018


WEATHER ITEM   OBSERVED TIME   RECORD YEAR NORMAL DEPARTURE LAST
                VALUE   (LST)  VALUE       VALUE  FROM      YEAR
                                                  NORMAL
..................................................................
TEMPERATURE (F)
 TODAY
  MAXIMUM         70    146 PM  91    2006  77     -7       85
  MINIMUM         57    604 AM  36    2001  50      7       57
                                      1983
  AVERAGE         64                        64      0       71

PRECIPITATION (IN)
  TODAY            0.00          1.85 1992   0.16  -0.16     0.00
  MONTH TO DATE    4.90                      3.16   1.74     5.01
  SINCE MAR 1     10.25                      8.58   1.67    10.78
  SINCE JAN 1     22.19                     19.31   2.88    20.35

SNOWFALL (IN)
  TODAY            0.0           0.0    MM   0.0    0.0      0.0
  MONTH TO DATE    0.0                       0.1   -0.1      0.0
  SINCE MAR 1      0.0                       0.3   -0.3      0.0
  SINCE JUL 1      5.3                       0.6    4.7      0.8

DEGREE DAYS
 HEATING
  TODAY            1                         4     -3        0
  MONTH TO DATE   94                       102     -8       22
  SINCE MAR 1    325                       409    -84      212
  SINCE JUL 1   2078                      2506   -428     1340

 COOLING
  TODAY            0                         2     -2        6
  MONTH TO DATE   24                        29     -5       75
  SINCE MAR 1     68                        46     22      149
  SINCE JAN 1    142                        53     89      195
..................................................................


WIND (MPH)
  HIGHEST WIND SPEED    20   HIGHEST WIND DIRECTION     N (350)
  HIGHEST GUST SPEED    25   HIGHEST GUST DIRECTION     N (350)
  AVERAGE WIND SPEED    10.0


SKY COVER
  POSSIBLE SUNSHINE  MM
  AVERAGE SKY COVER 0.1


WEATHER CONDITIONS
 THE FOLLOWING WEATHER WAS RECORDED TODAY.
  NO SIGNIFICANT WEATHER WAS OBSERVED.


RELATIVE HUMIDITY (PERCENT)
 HIGHEST    90           100 AM
 LOWEST     31           200 PM
 AVERAGE    61

..........................................................


THE MERIDIAN CLIMATE NORMALS FOR TOMORROW
                         NORMAL    RECORD    YEAR
 MAXIMUM TEMPERATURE (F)   77        92      1987
 MINIMUM TEMPERATURE (F)   50        33      1953


SUNRISE AND SUNSET
APRIL 19 2018.........SUNRISE   621 AM CDT   SUNSET   727 PM CDT
APRIL 20 2018.........SUNRISE   620 AM CDT   SUNSET   728 PM CDT


-  INDICATES NEGATIVE NUMBERS.
R  INDICATES RECORD WAS SET OR TIED.
MM INDICATES DATA IS MISSING.
T  INDICATES TRACE AMOUNT.




$$
