000
CDUS44 KMEG 250649
CLIMEM


CLIMATE REPORT
NATIONAL WEATHER SERVICE MEMPHIS TN
149 AM CDT WED APR 25 2018


...................................

...THE MEMPHIS CLIMATE SUMMARY FOR APRIL 24 2018...

CLIMATE NORMAL PERIOD 1981 TO 2010
CLIMATE RECORD PERIOD 1872 TO 2018


WEATHER ITEM   OBSERVED TIME   RECORD YEAR NORMAL DEPARTURE LAST
                VALUE   (LST)  VALUE       VALUE  FROM      YEAR
                                                  NORMAL
..................................................................
TEMPERATURE (F)
 YESTERDAY
  MAXIMUM         68    322 PM  88    1990  75     -7       75
                                      1989
                                      1965
  MINIMUM         53   1159 PM  32    1910  56     -3       48
  AVERAGE         61                        66     -5       62

PRECIPITATION (IN)
  YESTERDAY        0.00          2.94 2010   0.19  -0.19     0.00
  MONTH TO DATE    5.79                      4.39   1.40     2.91
  SINCE MAR 1     10.23                      9.55   0.68     6.52
  SINCE JAN 1     27.68                     17.92   9.76    12.18

SNOWFALL (IN)
  YESTERDAY        0.0          MM      MM   0.0    0.0      0.0
  MONTH TO DATE    0.0                       0.0    0.0      0.0
  SINCE MAR 1      0.0                       0.4   -0.4       T
  SINCE JUL 1      2.5                       3.8   -1.3      2.0
  SNOW DEPTH       0

DEGREE DAYS
 HEATING
  YESTERDAY        4                         3      1        3
  MONTH TO DATE  244                       124    120       52
  SINCE MAR 1    577                       482     95      332
  SINCE JUL 1   2996                      2932     64     2031

 COOLING
  YESTERDAY        0                         3     -3        0
  MONTH TO DATE   12                        54    -42       84
  SINCE MAR 1     16                        71    -55      122
  SINCE JAN 1     30                        74    -44      144
..................................................................


WIND (MPH)
  HIGHEST WIND SPEED    14   HIGHEST WIND DIRECTION     N (340)
  HIGHEST GUST SPEED    18   HIGHEST GUST DIRECTION    NW (320)
  AVERAGE WIND SPEED     6.2


SKY COVER
  POSSIBLE SUNSHINE  MM
  AVERAGE SKY COVER 0.8


WEATHER CONDITIONS
 THE FOLLOWING WEATHER WAS RECORDED YESTERDAY.
  FOG
  FOG W/VISIBILITY <= 1/4 MILE


RELATIVE HUMIDITY (PERCENT)
 HIGHEST   100          1200 AM
 LOWEST     67           500 PM
 AVERAGE    84

..........................................................


THE MEMPHIS CLIMATE NORMALS FOR TODAY
                         NORMAL    RECORD    YEAR
 MAXIMUM TEMPERATURE (F)   76        87      1915
 MINIMUM TEMPERATURE (F)   56        32      1910


SUNRISE AND SUNSET
APRIL 25 2018.........SUNRISE   616 AM CDT   SUNSET   741 PM CDT
APRIL 26 2018.........SUNRISE   615 AM CDT   SUNSET   741 PM CDT


-  INDICATES NEGATIVE NUMBERS.
R  INDICATES RECORD WAS SET OR TIED.
MM INDICATES DATA IS MISSING.
T  INDICATES TRACE AMOUNT.




$$
