000
CDUS41 KPBZ 210702
CLIMGW


CLIMATE REPORT
NATIONAL WEATHER SERVICE PITTSBURGH PA
301 AM EDT MON MAY 21 2018


...................................

...THE MORGANTOWN WV CLIMATE SUMMARY FOR MAY 20 2018...

CLIMATE NORMAL PERIOD 1981 TO 2010
CLIMATE RECORD PERIOD 1872 TO 2018


WEATHER ITEM   OBSERVED TIME   RECORD YEAR NORMAL DEPARTURE LAST
                VALUE   (LST)  VALUE       VALUE  FROM      YEAR
                                                  NORMAL
..................................................................
TEMPERATURE (F)
 YESTERDAY
  MAXIMUM         82    426 PM  92    1911  73      9       79
  MINIMUM         63   1157 PM  30    1905  51     12       63
  AVERAGE         73                        62     11       71

PRECIPITATION (IN)
  YESTERDAY        T             1.27 1980   0.15  -0.15     0.00
  MONTH TO DATE    3.58                      2.90   0.68     3.19
  SINCE JUN 1     47.81                     40.12   7.69    50.18
  SINCE JAN 1     21.48                     15.48   6.00    20.77

DEGREE DAYS
 HEATING
  YESTERDAY        0                         5     -5        0
  MONTH TO DATE   25                       129   -104      136
  SINCE MAR 1   1407                      1223    184      991
  SINCE JUL 1   5029                      5112    -83     4004

 COOLING
  YESTERDAY        8                         2      6        6
  MONTH TO DATE   85                        26     59       43
  SINCE MAR 1    104                        42     62       80
  SINCE JAN 1    109                        42     67       83
..................................................................


WIND (MPH)
  HIGHEST WIND SPEED    13   HIGHEST WIND DIRECTION     W (270)
  HIGHEST GUST SPEED    21   HIGHEST GUST DIRECTION     W (280)
  AVERAGE WIND SPEED     6.1


SKY COVER
  POSSIBLE SUNSHINE  MM
  AVERAGE SKY COVER 0.6


WEATHER CONDITIONS
 THE FOLLOWING WEATHER WAS RECORDED YESTERDAY.
  LIGHT RAIN
  FOG


RELATIVE HUMIDITY (PERCENT)
 HIGHEST   100           200 AM
 LOWEST     51           300 PM
 AVERAGE    76

..........................................................


THE MORGANTOWN WV CLIMATE NORMALS FOR TODAY
                         NORMAL    RECORD    YEAR
 MAXIMUM TEMPERATURE (F)   73        92      1934
 MINIMUM TEMPERATURE (F)   52        30      1907


SUNRISE AND SUNSET
MAY 21 2018...........SUNRISE   600 AM EDT   SUNSET   833 PM EDT
MAY 22 2018...........SUNRISE   600 AM EDT   SUNSET   834 PM EDT


-  INDICATES NEGATIVE NUMBERS.
R  INDICATES RECORD WAS SET OR TIED.
MM INDICATES DATA IS MISSING.
T  INDICATES TRACE AMOUNT.




$$
