000
CDUS43 KTOP 250633
CLIMHK


CLIMATE REPORT
NATIONAL WEATHER SERVICE TOPEKA KS
133 AM CDT WED APR 25 2018


...................................

...THE MANHATTAN KS CLIMATE SUMMARY FOR APRIL 24 2018...

CLIMATE NORMAL PERIOD 1981 TO 2010
CLIMATE RECORD PERIOD 9999 TO 9999


WEATHER ITEM   OBSERVED NORMAL DEPARTURE LAST
                VALUE   VALUE  FROM      YEAR
                               NORMAL
...............................................
TEMPERATURE (F)
 YESTERDAY
  MAXIMUM         80     69     11       77
  MINIMUM         38     44     -6       48
  AVERAGE         59     57      2       63

PRECIPITATION (IN)
  YESTERDAY        T      0.11  -0.11     0.00
  MONTH TO DATE    T      2.01  -2.01     3.15
  SINCE MAR 1      0.33   4.21  -3.88     7.22
  SINCE JAN 1      0.91   5.93  -5.02     9.02

DEGREE DAYS
 HEATING
  YESTERDAY        6      9     -3        2
  MONTH TO DATE  457    298    159      189
  SINCE MAR 1   1036    974     62      698
  SINCE JUL 1   4839   5134   -295     3982

 COOLING
  YESTERDAY        0      1     -1        0
  MONTH TO DATE    3     13    -10       38
  SINCE MAR 1      3     15    -12       44
  SINCE JAN 1      3     15    -12       44
...............................................


WIND (MPH)
  HIGHEST WIND SPEED    18   HIGHEST WIND DIRECTION     N (340)
  HIGHEST GUST SPEED    42   HIGHEST GUST DIRECTION    NW (320)
  AVERAGE WIND SPEED     3.6


SKY COVER
  AVERAGE SKY COVER 0.4


WEATHER CONDITIONS
 THE FOLLOWING WEATHER WAS RECORDED YESTERDAY.
  LIGHT RAIN
  HAZE


RELATIVE HUMIDITY (PERCENT)
 HIGHEST    85
 LOWEST     20
 AVERAGE    53

..........................................................


THE MANHATTAN KS CLIMATE NORMALS FOR TODAY
                         NORMAL
 MAXIMUM TEMPERATURE (F)   70
 MINIMUM TEMPERATURE (F)   44


SUNRISE AND SUNSET
APRIL 25 2018.........SUNRISE   636 AM CDT   SUNSET   814 PM CDT
APRIL 26 2018.........SUNRISE   635 AM CDT   SUNSET   815 PM CDT


-  INDICATES NEGATIVE NUMBERS.
R  INDICATES RECORD WAS SET OR TIED.
MM INDICATES DATA IS MISSING.
T  INDICATES TRACE AMOUNT.




$$
