000
CDUS42 KMFL 232037
CLIMIA


CLIMATE REPORT
NATIONAL WEATHER SERVICE MIAMI, FL
435 PM EDT MON APR 23 2018


...................................

...THE MIAMI CLIMATE SUMMARY FOR APRIL 23 2018...
VALID TODAY AS OF 0400 PM LOCAL TIME.

CLIMATE NORMAL PERIOD 1981 TO 2010
CLIMATE RECORD PERIOD 1895 TO 2018


WEATHER ITEM   OBSERVED TIME   RECORD YEAR NORMAL DEPARTURE LAST
                VALUE   (LST)  VALUE       VALUE  FROM      YEAR
                                                  NORMAL
..................................................................
TEMPERATURE (F)
 TODAY
  MAXIMUM         84   1225 PM  91    2002  84      0       80
                                      1991
  MINIMUM         73    532 AM  51    1940  69      4       71
                                      1901
  AVERAGE         79                        77      2       76

PRECIPITATION (IN)
  TODAY            0.35          2.08 2017   0.12   0.23     2.08
  MONTH TO DATE    1.96                      2.45  -0.49     2.16
  SINCE NOV 1      8.60                     14.63  -6.03    14.06
  SINCE JAN 1      3.53                      9.32  -5.79    10.79

SNOWFALL (IN)
  TODAY            0.0
  MONTH TO DATE    0.0
  SINCE MAR 1      0.0
  SINCE JUL 1      0.0
  SNOW DEPTH       0

DEGREE DAYS
 HEATING
  TODAY            0                         0      0        0
  MONTH TO DATE    0                         0      0        0
  SINCE MAR 1      7                        11     -4        3
  SINCE JUL 1     85                       127    -42       17

 COOLING
  TODAY           14                        12      2       11
  MONTH TO DATE  283                       238     45      283
  SINCE MAR 1    475                       485    -10      554
  SINCE JAN 1    956                       807    149     1048
..................................................................


WIND (MPH)
  HIGHEST WIND SPEED    18   HIGHEST WIND DIRECTION    SE (120)
  HIGHEST GUST SPEED    25   HIGHEST GUST DIRECTION     S (170)
  AVERAGE WIND SPEED    11.6


SKY COVER
  AVERAGE SKY COVER 0.7


WEATHER CONDITIONS
 THE FOLLOWING WEATHER WAS RECORDED TODAY.
  THUNDERSTORM
  RAIN
  LIGHT RAIN
  FOG


RELATIVE HUMIDITY (PERCENT)
 HIGHEST   100
 LOWEST     74
 AVERAGE    87

..........................................................


THE MIAMI CLIMATE NORMALS FOR TOMORROW
                         NORMAL    RECORD    YEAR
 MAXIMUM TEMPERATURE (F)   84        94      1991
 MINIMUM TEMPERATURE (F)   70        56      1940


SUNRISE AND SUNSET
APRIL 23 2018.........SUNRISE   651 AM EDT   SUNSET   748 PM EDT
APRIL 24 2018.........SUNRISE   650 AM EDT   SUNSET   749 PM EDT


-  INDICATES NEGATIVE NUMBERS.
R  INDICATES RECORD WAS SET OR TIED.
MM INDICATES DATA IS MISSING.
T  INDICATES TRACE AMOUNT.




$$
