000
CDUS44 KSHV 210755
CLIMLU


CLIMATE REPORT
NATIONAL WEATHER SERVICE SHREVEPORT, LA
255 AM CDT SAT APR 21 2018


...................................

...THE MONROE CLIMATE SUMMARY FOR APRIL 20 2018...

CLIMATE NORMAL PERIOD 1981 TO 2010
CLIMATE RECORD PERIOD 1893 TO 2018


WEATHER ITEM   OBSERVED TIME   RECORD YEAR NORMAL DEPARTURE LAST
                VALUE   (LST)  VALUE       VALUE  FROM      YEAR
                                                  NORMAL
..................................................................
TEMPERATURE (F)
 YESTERDAY
  MAXIMUM         69    355 PM  94    1987  79    -10       87
  MINIMUM         40    538 AM  37    1953  55    -15       65
  AVERAGE         55                        67    -12       76

PRECIPITATION (IN)
  YESTERDAY        0.00          3.87 1995   0.16  -0.16      T
  MONTH TO DATE    3.23                      2.96   0.27     2.80
  SINCE DEC 1     25.72                     22.61   3.11    21.32
  SINCE JAN 1     22.20                     17.32   4.88    16.49

SNOWFALL (IN)
  YESTERDAY        0.0
  MONTH TO DATE    0.0
  SINCE MAR 1      0.0
  SINCE JUL 1      1.5
  SNOW DEPTH       0

DEGREE DAYS
 HEATING
  YESTERDAY       10                         2      8        0
  MONTH TO DATE  115                        69     46       19
  SINCE MAR 1    287                       319    -32      184
  SINCE JUL 1   2068                      2213   -145     1380

 COOLING
  YESTERDAY        0                         4     -4       11
  MONTH TO DATE   36                        56    -20       98
  SINCE MAR 1     87                        88     -1      189
  SINCE JAN 1    124                        99     25      248
..................................................................


WIND (MPH)
  HIGHEST WIND SPEED    16   HIGHEST WIND DIRECTION    NE (50)
  HIGHEST GUST SPEED    22   HIGHEST GUST DIRECTION    NE (40)
  AVERAGE WIND SPEED     6.4


SKY COVER
  POSSIBLE SUNSHINE  MM
  AVERAGE SKY COVER 0.0


WEATHER CONDITIONS
 THE FOLLOWING WEATHER WAS RECORDED YESTERDAY.
  NO SIGNIFICANT WEATHER WAS OBSERVED.


RELATIVE HUMIDITY (PERCENT)
 HIGHEST    86           600 AM
 LOWEST     32           300 PM
 AVERAGE    59

..........................................................


THE MONROE CLIMATE NORMALS FOR TODAY
                         NORMAL    RECORD    YEAR
 MAXIMUM TEMPERATURE (F)   79        95      1987
 MINIMUM TEMPERATURE (F)   55        38      1953


SUNRISE AND SUNSET
APRIL 21 2018.........SUNRISE   632 AM CDT   SUNSET   742 PM CDT
APRIL 22 2018.........SUNRISE   631 AM CDT   SUNSET   743 PM CDT


-  INDICATES NEGATIVE NUMBERS.
R  INDICATES RECORD WAS SET OR TIED.
MM INDICATES DATA IS MISSING.
T  INDICATES TRACE AMOUNT.




$$
