721
CDUS46 KPQR 191141
CLIMMV


CLIMATE REPORT
NATIONAL WEATHER SERVICE PORTLAND OREGON
441 AM PDT THU APR 19 2018


...................................

...THE MCMINNVILLE OR CLIMATE SUMMARY FOR APRIL 18 2018...

CLIMATE NORMAL PERIOD 1981 TO 2010
CLIMATE RECORD PERIOD 1894 TO 2018


WEATHER ITEM   OBSERVED TIME   RECORD YEAR NORMAL DEPARTURE LAST
                VALUE   (LST)  VALUE       VALUE  FROM      YEAR
                                                  NORMAL
..................................................................
TEMPERATURE (F)
 YESTERDAY
  MAXIMUM         61    452 PM  88    2016  61      0       63
  MINIMUM         40    534 AM  28    1972  39      1       45
  AVERAGE         51                        50      1       54

PRECIPITATION (IN)
  YESTERDAY        0.00          0.69 1919   0.09  -0.09     0.01
  MONTH TO DATE    4.63                      1.93   2.70     2.24
  SINCE OCT 1     31.22                     32.53  -1.31    48.35
  SINCE JAN 1     15.68                     16.50  -0.82    24.54

DEGREE DAYS
 HEATING
  YESTERDAY       14                        15     -1       11
  MONTH TO DATE  299                       284     15      278
  SINCE JUL 1   3876                      4235   -359     4111

 COOLING
  YESTERDAY        0                         0      0        0
  MONTH TO DATE    0                         0      0        0
  SINCE JAN 1      0                         0      0        0
..................................................................


WIND (MPH)
  HIGHEST WIND SPEED    10   HIGHEST WIND DIRECTION    SE (150)
  HIGHEST GUST SPEED    12   HIGHEST GUST DIRECTION    SE (150)
  AVERAGE WIND SPEED     4.9


SKY COVER
  POSSIBLE SUNSHINE  MM
  AVERAGE SKY COVER 0.3


WEATHER CONDITIONS
 THE FOLLOWING WEATHER WAS RECORDED YESTERDAY.
  NO SIGNIFICANT WEATHER WAS OBSERVED.


RELATIVE HUMIDITY (PERCENT)
 HIGHEST    93           200 AM
 LOWEST     42           500 PM
 AVERAGE    68

..........................................................


THE MCMINNVILLE OR CLIMATE NORMALS FOR TODAY
                         NORMAL    RECORD    YEAR
 MAXIMUM TEMPERATURE (F)   61        83      2016
 MINIMUM TEMPERATURE (F)   39        27      1977


SUNRISE AND SUNSET
APRIL 19 2018.........SUNRISE   520 AM PST   SUNSET   704 PM PST
APRIL 20 2018.........SUNRISE   519 AM PST   SUNSET   705 PM PST


-  INDICATES NEGATIVE NUMBERS.
R  INDICATES RECORD WAS SET OR TIED.
MM INDICATES DATA IS MISSING.
T  INDICATES TRACE AMOUNT.




$$
