000
CDUS46 KSTO 210849
CLIMOD


CLIMATE REPORT
NATIONAL WEATHER SERVICE SACRAMENTO, CA
148 AM PDT MON MAY 21 2018


...................................

...THE MODESTO CA CLIMATE SUMMARY FOR MAY 20 2018...

CLIMATE NORMAL PERIOD 1981 TO 2010
CLIMATE RECORD PERIOD 1931 TO 2018


WEATHER ITEM   OBSERVED TIME   RECORD YEAR NORMAL DEPARTURE LAST
                VALUE   (LST)  VALUE       VALUE  FROM      YEAR
                                                  NORMAL
..................................................................
TEMPERATURE (F)
 YESTERDAY
  MAXIMUM         76    231 PM  99    2001  84     -8       96
  MINIMUM         52    522 AM  42    1974  56     -4       58
  AVERAGE         64

PRECIPITATION (IN)
  YESTERDAY        0.00          0.24 1957   0.02  -0.02     0.00
  MONTH TO DATE    T                         0.46  -0.46     0.01
  SINCE OCT 1      8.00                     12.54  -4.54    16.79
  SINCE JAN 1      6.97                      8.46  -1.49    11.76

SNOWFALL (IN)
  YESTERDAY        0.0          MM      MM
  MONTH TO DATE    0.0
  SINCE MAR 1      0.0
  SINCE JUL 1      0.0
  SNOW DEPTH       0

DEGREE DAYS
 HEATING
  YESTERDAY        1                         1      0        0
  MONTH TO DATE    3                        27    -24       22
  SINCE MAR 1    412                       393     19      292
  SINCE JUL 1   1990                      2161   -171     1808

 COOLING
  YESTERDAY        0                         6     -6       12
  MONTH TO DATE   68                        84    -16      110
  SINCE MAR 1     96                       128    -32      127
  SINCE JAN 1     96                       128    -32      127
..................................................................


WIND (MPH)
  RESULTANT WIND SPEED   7   RESULTANT WIND DIRECTION  NW (330)
  HIGHEST WIND SPEED    18   HIGHEST WIND DIRECTION    NW (330)
  HIGHEST GUST SPEED    23   HIGHEST GUST DIRECTION    NW (320)


SKY COVER
  POSSIBLE SUNSHINE  MM
  AVERAGE SKY COVER 0.0


WEATHER CONDITIONS
 THE FOLLOWING WEATHER WAS RECORDED YESTERDAY.
  NO SIGNIFICANT WEATHER WAS OBSERVED.


RELATIVE HUMIDITY (PERCENT)
 HIGHEST    83           400 AM
 LOWEST     35           200 PM
 AVERAGE    59

..........................................................


THE MODESTO CA CLIMATE NORMALS FOR TODAY
                         NORMAL    RECORD    YEAR
 MAXIMUM TEMPERATURE (F)   84       102      1988
 MINIMUM TEMPERATURE (F)   56        45      1974


SUNRISE AND SUNSET
MAY 21 2018...........SUNRISE   550 AM PDT   SUNSET   812 PM PDT
MAY 22 2018...........SUNRISE   549 AM PDT   SUNSET   812 PM PDT


-  INDICATES NEGATIVE NUMBERS.
R  INDICATES RECORD WAS SET OR TIED.
MM INDICATES DATA IS MISSING.
T  INDICATES TRACE AMOUNT.




$$
