718
CDUS41 KBTV 230534
CLIMPV


CLIMATE REPORT
NATIONAL WEATHER SERVICE BURLINGTON VT
130 AM EDT MON APR 23 2018


...................................

...THE MONTPELIER VT CLIMATE SUMMARY FOR APRIL 22 2018...

CLIMATE NORMAL PERIOD 1981 TO 2010
CLIMATE RECORD PERIOD 1948 TO 2018


WEATHER ITEM   OBSERVED TIME   RECORD YEAR NORMAL DEPARTURE LAST
                VALUE   (LST)  VALUE       VALUE  FROM      YEAR
                                                  NORMAL
..................................................................
TEMPERATURE (F)
 YESTERDAY
  MAXIMUM         53    324 PM  83    1954  57     -4       44
  MINIMUM         25    529 AM  20    1981  34     -9       38
  AVERAGE         39                        45     -6       41

PRECIPITATION (IN)
  YESTERDAY        0.00          0.79        0.09  -0.09     0.02
  MONTH TO DATE    3.05                      1.92   1.13     2.91
  SINCE MAR 1      5.54                      4.31   1.23     5.51
  SINCE JAN 1      9.82                      8.80   1.02     9.43

DEGREE DAYS
 HEATING
  YESTERDAY       26                        20      6       24
  MONTH TO DATE  711                       535    176      449
  SINCE MAR 1   1856                      1652    204     1730
  SINCE JUL 1   7511                      7560    -49     6951

 COOLING
  YESTERDAY        0                         0      0        0
  MONTH TO DATE    0                         0      0        1
  SINCE MAR 1      0                         0      0        1
  SINCE JAN 1      0                         0      0        1
..................................................................


WIND (MPH)
  HIGHEST WIND SPEED    20   HIGHEST WIND DIRECTION    NW (320)
  HIGHEST GUST SPEED    28   HIGHEST GUST DIRECTION    NW (310)
  AVERAGE WIND SPEED     5.0


SKY COVER
  AVERAGE SKY COVER 0.0


WEATHER CONDITIONS
 THE FOLLOWING WEATHER WAS RECORDED YESTERDAY.
  NO SIGNIFICANT WEATHER WAS OBSERVED.


RELATIVE HUMIDITY (PERCENT)
 HIGHEST    88           500 AM
 LOWEST     24           200 PM
 AVERAGE    56

..........................................................


THE MONTPELIER VT CLIMATE NORMALS FOR TODAY
                         NORMAL    RECORD    YEAR
 MAXIMUM TEMPERATURE (F)   57        80      2007
 MINIMUM TEMPERATURE (F)   34        21      1988


SUNRISE AND SUNSET
APRIL 23 2018.........SUNRISE   554 AM EDT   SUNSET   744 PM EDT
APRIL 24 2018.........SUNRISE   552 AM EDT   SUNSET   745 PM EDT


-  INDICATES NEGATIVE NUMBERS.
R  INDICATES RECORD WAS SET OR TIED.
MM INDICATES DATA IS MISSING.
T  INDICATES TRACE AMOUNT.




$$
