000
CDUS43 KMPX 260022
CLIMPX


CLIMATE REPORT
NATIONAL WEATHER SERVICE CHANHASSEN MN
722 PM CDT WED APR 25 2018


...................................

...THE CHANHASSEN MN CLIMATE SUMMARY FOR APRIL 25 2018...
VALID TODAY AS OF 0500 PM LOCAL TIME.

CLIMATE NORMAL PERIOD 1981 TO 2010
CLIMATE RECORD PERIOD 1995 TO 2018


WEATHER ITEM   OBSERVED TIME   RECORD YEAR NORMAL DEPARTURE LAST
                VALUE   (LST)  VALUE       VALUE  FROM      YEAR
                                                  NORMAL
..................................................................
TEMPERATURE (F)
 TODAY
  MAXIMUM         57        MM  MM      MM  62     -5       59
  MINIMUM         37        MM  MM          40     -3       45
  AVERAGE         47                        51     -4       52

PRECIPITATION (IN)
  TODAY            0.00         MM      MM   0.11  -0.11     0.53
  MONTH TO DATE    2.55                      2.42   0.13     3.85
  SINCE MAR 1      3.84                      4.20  -0.36     4.59
  SINCE JAN 1      6.54                      6.01   0.53     6.19

SNOWFALL (IN)
  TODAY            0.0          MM      MM   0.1   -0.1      0.0
  MONTH TO DATE   28.1                       3.2   24.9      0.6
  SINCE MAR 1     38.7                      14.0   24.7      6.1
  SINCE JUL 1     80.2                      53.7   26.5     38.5
  SNOW DEPTH       0

DEGREE DAYS
 HEATING
  TODAY           18                        14      4       13
  MONTH TO DATE  836                       495    341      377
  SINCE MAR 1   1917                      1541    376     1391
  SINCE JUL 1   8021                      7556    465     6460

 COOLING
  TODAY            0                         0      0        0
  MONTH TO DATE    0                         0      0        0
  SINCE MAR 1      0                         0      0        0
  SINCE JAN 1      0                         0      0        0
..................................................................


WIND (MPH)
  HIGHEST WIND SPEED    MM   HIGHEST WIND DIRECTION    MM
  HIGHEST GUST SPEED    MM   HIGHEST GUST DIRECTION    MM
  AVERAGE WIND SPEED    MM


SKY COVER
  POSSIBLE SUNSHINE  MM
  AVERAGE SKY COVER  MM


WEATHER CONDITIONS
 THE FOLLOWING WEATHER WAS RECORDED TODAY.
  NO SIGNIFICANT WEATHER WAS OBSERVED.


RELATIVE HUMIDITY (PERCENT)
 HIGHEST    MM
 LOWEST     MM
 AVERAGE    MM

..........................................................


THE CHANHASSEN MN CLIMATE NORMALS FOR TOMORROW
                         NORMAL    RECORD    YEAR
 MAXIMUM TEMPERATURE (F)   62        MM        MM
 MINIMUM TEMPERATURE (F)   41        MM        MM


SUNRISE AND SUNSET
APRIL 25 2018.........SUNRISE   613 AM CDT   SUNSET   812 PM CDT
APRIL 26 2018.........SUNRISE   611 AM CDT   SUNSET   813 PM CDT


-  INDICATES NEGATIVE NUMBERS.
R  INDICATES RECORD WAS SET OR TIED.
MM INDICATES DATA IS MISSING.
T  INDICATES TRACE AMOUNT.




$$
