000
CDUS41 KBTV 200535
CLIMSS


CLIMATE REPORT
NATIONAL WEATHER SERVICE BURLINGTON VT
134 AM EDT FRI APR 20 2018


...................................

...THE MASSENA NY CLIMATE SUMMARY FOR APRIL 19 2018...

CLIMATE NORMAL PERIOD 1981 TO 2010
CLIMATE RECORD PERIOD 1948 TO 2018


WEATHER ITEM   OBSERVED TIME   RECORD YEAR NORMAL DEPARTURE LAST
                VALUE   (LST)  VALUE       VALUE  FROM      YEAR
                                                  NORMAL
..................................................................
TEMPERATURE (F)
 YESTERDAY
  MAXIMUM         39    510 PM  81    1987  56    -17       55
  MINIMUM         32   1159 PM  19    1970  35     -3       37
  AVERAGE         36                        45     -9       46

PRECIPITATION (IN)
  YESTERDAY        0.01          0.55        0.09  -0.08     0.42
  MONTH TO DATE    2.03                      1.78   0.25     3.16
  SINCE MAR 1      2.97                      3.87  -0.90     5.28
  SINCE JAN 1      6.20                      7.82  -1.62     8.71

DEGREE DAYS
 HEATING
  YESTERDAY       29                        20      9       19
  MONTH TO DATE  589                       461    128      359
  SINCE MAR 1   1687                      1605     82     1615
  SINCE JUL 1   6885                      7592   -707     6541

 COOLING
  YESTERDAY        0                         0      0        0
  MONTH TO DATE    0                         0      0        0
  SINCE MAR 1      0                         0      0        0
  SINCE JAN 1      0                         0      0        0
..................................................................


WIND (MPH)
  HIGHEST WIND SPEED    18   HIGHEST WIND DIRECTION    NW (300)
  HIGHEST GUST SPEED    25   HIGHEST GUST DIRECTION     W (290)
  AVERAGE WIND SPEED    11.0


SKY COVER
  AVERAGE SKY COVER 1.0


WEATHER CONDITIONS
 THE FOLLOWING WEATHER WAS RECORDED YESTERDAY.
  LIGHT SNOW
  FOG


RELATIVE HUMIDITY (PERCENT)
 HIGHEST   100          1200 AM
 LOWEST     59           500 PM
 AVERAGE    80

..........................................................


THE MASSENA NY CLIMATE NORMALS FOR TODAY
                         NORMAL    RECORD    YEAR
 MAXIMUM TEMPERATURE (F)   57        82      1987
 MINIMUM TEMPERATURE (F)   35        20      1974


SUNRISE AND SUNSET
APRIL 20 2018.........SUNRISE   606 AM EDT   SUNSET   751 PM EDT
APRIL 21 2018.........SUNRISE   605 AM EDT   SUNSET   752 PM EDT


-  INDICATES NEGATIVE NUMBERS.
R  INDICATES RECORD WAS SET OR TIED.
MM INDICATES DATA IS MISSING.
T  INDICATES TRACE AMOUNT.




$$
