000
CDUS45 KBOI 200933
CLIMYL


CLIMATE REPORT
NATIONAL WEATHER SERVICE BOISE ID
333 AM MDT FRI APR 20 2018


...................................

...THE MCCALL ID CLIMATE SUMMARY FOR APRIL 19 2018...

CLIMATE NORMAL PERIOD 1981 TO 2010
CLIMATE RECORD PERIOD 1930 TO 2018


WEATHER ITEM   OBSERVED TIME   RECORD YEAR NORMAL DEPARTURE LAST
                VALUE   (LST)  VALUE       VALUE  FROM      YEAR
                                                  NORMAL
..................................................................
TEMPERATURE (F)
 YESTERDAY
  MAXIMUM         58    340 PM  79    1994  50      8       53
  MINIMUM         30    619 AM   1    1927  26      4       30
  AVERAGE         44                        38      6       42

PRECIPITATION (IN)
  YESTERDAY        0.00          0.64 1925   0.06  -0.06      T
  MONTH TO DATE    2.55                      1.24   1.31     2.32
  SINCE OCT 1     18.13                     13.09   5.04    24.99
  SINCE JAN 1     11.28                      6.91   4.37    16.50

DEGREE DAYS
 HEATING
  YESTERDAY       21                        27     -6       23
  MONTH TO DATE  543                       567    -24      526
  SINCE MAR 1   1636                      1681    -45     1482
  SINCE JUL 1   7479                      8356   -877     7685

 COOLING
  YESTERDAY        0                         0      0        0
  MONTH TO DATE    0                         0      0        0
  SINCE MAR 1      0                         0      0        0
  SINCE JAN 1      0                         0      0        0
..................................................................


WIND (MPH)
  HIGHEST WIND SPEED    20   HIGHEST WIND DIRECTION     N (340)
  HIGHEST GUST SPEED    32   HIGHEST GUST DIRECTION     N (10)
  AVERAGE WIND SPEED     9.8


SKY COVER
  AVERAGE SKY COVER 0.1


WEATHER CONDITIONS
 THE FOLLOWING WEATHER WAS RECORDED YESTERDAY.
  NO SIGNIFICANT WEATHER WAS OBSERVED.


RELATIVE HUMIDITY (PERCENT)
 HIGHEST    78           600 AM
 LOWEST     24           200 PM
 AVERAGE    51

..........................................................


THE MCCALL ID CLIMATE NORMALS FOR TODAY
                         NORMAL    RECORD    YEAR
 MAXIMUM TEMPERATURE (F)   50        76      1994
 MINIMUM TEMPERATURE (F)   26         8      2008


SUNRISE AND SUNSET
APRIL 20 2018.........SUNRISE   651 AM MDT   SUNSET   836 PM MDT
APRIL 21 2018.........SUNRISE   650 AM MDT   SUNSET   837 PM MDT


-  INDICATES NEGATIVE NUMBERS.
R  INDICATES RECORD WAS SET OR TIED.
MM INDICATES DATA IS MISSING.
T  INDICATES TRACE AMOUNT.




$$
