000
CDUS45 KPSR 250813
CLINYL

CLIMATE REPORT
NATIONAL WEATHER SERVICE PHOENIX AZ
112 AM MST FRI MAY 25 2018


...................................

...THE YUMA AZ CLIMATE SUMMARY FOR MAY 24 2018...

CLIMATE NORMAL PERIOD 1981 TO 2010
CLIMATE RECORD PERIOD 1876 TO 2018


WEATHER ITEM   OBSERVED TIME   RECORD YEAR NORMAL DEPARTURE LAST
                VALUE   (LST)  VALUE       VALUE  FROM      YEAR
                                                  NORMAL
..................................................................
TEMPERATURE (F)
 YESTERDAY
  MAXIMUM         95    434 PM 109    2017  98     -3      109
                                      2001
                                      1983
  MINIMUM         67    605 AM  52    2010  69     -2       73
                                      1909
  AVERAGE         81                        83     -2       91

PRECIPITATION (IN)
  YESTERDAY        0.00          0.31 1994   0.01  -0.01     0.00
  MONTH TO DATE    0.00                      0.07  -0.07     0.14
  SINCE OCT 1      0.25                      2.25  -2.00     2.65
  SINCE JAN 1      0.18                      1.31  -1.13     1.70

DEGREE DAYS
 HEATING
  YESTERDAY        0                         0      0        0
  MONTH TO DATE    0                         0      0        0
  SINCE MAR 1     47                        63    -16       13
  SINCE JUL 1    406                       686   -280      526

 COOLING
  YESTERDAY       16                        18     -2       26
  MONTH TO DATE  350                       370    -20      329
  SINCE MAR 1    794                       740     54      892
  SINCE JAN 1    846                       776     70      933
..................................................................


WIND (MPH)
  HIGHEST WIND SPEED    18   HIGHEST WIND DIRECTION     S (180)
  HIGHEST GUST SPEED    23   HIGHEST GUST DIRECTION     S (180)
  AVERAGE WIND SPEED     9.4


SKY COVER
  AVERAGE SKY COVER 0.0


WEATHER CONDITIONS
 THE FOLLOWING WEATHER WAS RECORDED YESTERDAY.
  NO SIGNIFICANT WEATHER WAS OBSERVED.


RELATIVE HUMIDITY (PERCENT)
 HIGHEST    57
 LOWEST     10
 AVERAGE    34

..........................................................


THE YUMA AZ CLIMATE NORMALS FOR TODAY
                         NORMAL    RECORD    YEAR
 MAXIMUM TEMPERATURE (F)   98       112      1951
 MINIMUM TEMPERATURE (F)   69        51      1916


SUNRISE AND SUNSET
MAY 25 2018...........SUNRISE   534 AM MST   SUNSET   737 PM MST
MAY 26 2018...........SUNRISE   534 AM MST   SUNSET   738 PM MST


-  INDICATES NEGATIVE NUMBERS.
R  INDICATES RECORD WAS SET OR TIED.
MM INDICATES DATA IS MISSING.
T  INDICATES TRACE AMOUNT.

$$
