000
CDUS43 KOAX 240622
CLIOAX


CLIMATE REPORT
NATIONAL WEATHER SERVICE OMAHA NEBRASKA
120 AM CDT THU MAY 24 2018


...................................

...THE VALLEY  NWS, NEBRASKA CLIMATE SUMMARY FOR MAY 23 2018...

CLIMATE NORMAL PERIOD 1981 TO 2010
CLIMATE RECORD PERIOD 1997 TO 2018


WEATHER ITEM   OBSERVED TIME   NORMAL DEPARTURE LAST
                VALUE   (LST)  VALUE  FROM      YEAR
                                      NORMAL
......................................................
TEMPERATURE (F)
 YESTERDAY
  MAXIMUM         89    348 PM  75     14       59
  MINIMUM         66    529 AM  55     11       49
  AVERAGE         78            65     13       54

PRECIPITATION (IN)
  YESTERDAY        0.00          0.14  -0.14     0.03
  MONTH TO DATE    2.08          3.36  -1.28     7.23
  SINCE MAR 1      5.63          8.39  -2.76    13.62
  SINCE JAN 1      7.81         10.10  -2.29    15.33

SNOWFALL (IN)
  YESTERDAY        0.0                           0.0
  MONTH TO DATE    0.0                            T
  SINCE JUL 1     24.1                          11.8
  SNOW DEPTH       0

DEGREE DAYS
 HEATING
  YESTERDAY        0             3     -3       11
  MONTH TO DATE   45           133    -88      123
  SINCE MAR 1   1433          1400     33     1161
  SINCE JUL 1   6110          6231   -121     5038

 COOLING
  YESTERDAY       13             3     10        0
  MONTH TO DATE   66            37     29       51
  SINCE MAR 1     74            44     30       54
  SINCE JAN 1     74            44     30       54
......................................................


WIND (MPH)
  HIGHEST WIND SPEED    MM   HIGHEST WIND DIRECTION    MM
  HIGHEST GUST SPEED    24   HIGHEST GUST DIRECTION    MM


SKY COVER
  POSSIBLE SUNSHINE  MM


WEATHER CONDITIONS
 THE FOLLOWING WEATHER WAS RECORDED YESTERDAY.
  NO SIGNIFICANT WEATHER WAS OBSERVED.


..........................................................


THE VALLEY  NWS, NEBRASKA CLIMATE NORMALS FOR TODAY
                         NORMAL
 MAXIMUM TEMPERATURE (F)   75
 MINIMUM TEMPERATURE (F)   55


SUNRISE AND SUNSET
MAY 24 2018...........SUNRISE   559 AM CDT   SUNSET   846 PM CDT
MAY 25 2018...........SUNRISE   559 AM CDT   SUNSET   847 PM CDT


-  INDICATES NEGATIVE NUMBERS.
R  INDICATES RECORD WAS SET OR TIED.
MM INDICATES DATA IS MISSING.
T  INDICATES TRACE AMOUNT.


$$

BCM
