000
CDUS43 KOAX 250638
CLIOFK


CLIMATE REPORT
NATIONAL WEATHER SERVICE OMAHA NEBRASKA
136 AM CDT WED APR 25 2018


...................................

...THE NORFOLK, NEBRASKA CLIMATE SUMMARY FOR APRIL 24 2018...

CLIMATE NORMAL PERIOD 1981 TO 2010
CLIMATE RECORD PERIOD 1888 TO 2018


WEATHER ITEM   OBSERVED TIME   RECORD YEAR NORMAL DEPARTURE LAST
                VALUE   (LST)  VALUE       VALUE  FROM      YEAR
                                                  NORMAL
..................................................................
TEMPERATURE (F)
 YESTERDAY
  MAXIMUM         55    825 AM  90    2012  65    -10       71
  MINIMUM         42   1151 PM  20    1956  41      1       46
  AVERAGE         49                        53     -4       59

PRECIPITATION (IN)
  YESTERDAY        0.25          2.12 2007   0.10   0.15     0.00
  MONTH TO DATE    1.25                      2.05  -0.80     1.54
  SINCE MAR 1      2.88                      3.82  -0.94     2.75
  SINCE JAN 1      4.60                      5.17  -0.57     4.99

SNOWFALL (IN)
  YESTERDAY        0.0                       0.1   -0.1      0.0
  MONTH TO DATE   10.9                       2.4    8.5       T
  SINCE JUL 1     45.2                      30.3   14.9     30.2
  SNOW DEPTH       0

DEGREE DAYS
 HEATING
  YESTERDAY       16                        13      3        6
  MONTH TO DATE  658                       404    254      310
  SINCE MAR 1   1513                      1260    253     1076
  SINCE JUL 1   6713                      6353    360     5531

 COOLING
  YESTERDAY        0                         1     -1        0
  MONTH TO DATE    0                         6     -6        0
  SINCE MAR 1      0                         6     -6        0
  SINCE JAN 1      0                         6     -6        0
..................................................................


WIND (MPH)
  HIGHEST WIND SPEED    22   HIGHEST WIND DIRECTION     N (360)
  HIGHEST GUST SPEED    34   HIGHEST GUST DIRECTION     N (010)
  AVERAGE WIND SPEED    11.2


SKY COVER
  POSSIBLE SUNSHINE  MM
  AVERAGE SKY COVER 0.9


WEATHER CONDITIONS
 THE FOLLOWING WEATHER WAS RECORDED YESTERDAY.
  LIGHT RAIN
  FOG


RELATIVE HUMIDITY (PERCENT)
 HIGHEST   100           800 PM
 LOWEST     59          1200 AM
 AVERAGE    80

..........................................................


THE NORFOLK, NEBRASKA CLIMATE NORMALS FOR TODAY
                         NORMAL    RECORD    YEAR
 MAXIMUM TEMPERATURE (F)   66        93      1981
 MINIMUM TEMPERATURE (F)   41        25      1934


SUNRISE AND SUNSET
APRIL 25 2018.........SUNRISE   634 AM CDT   SUNSET   822 PM CDT
APRIL 26 2018.........SUNRISE   633 AM CDT   SUNSET   823 PM CDT


-  INDICATES NEGATIVE NUMBERS.
R  INDICATES RECORD WAS SET OR TIED.
MM INDICATES DATA IS MISSING.
T  INDICATES TRACE AMOUNT.




$$
