000
CDUS42 KCAE 272131
CLIOGB


CLIMATE REPORT
NATIONAL WEATHER SERVICE COLUMBIA SC
531 PM EDT SUN MAY 27 2018


...................................

...THE ORANGEBURG AIRPORT SC CLIMATE SUMMARY FOR MAY 27 2018...
VALID TODAY AS OF 0500 PM LOCAL TIME.

CLIMATE NORMAL PERIOD 1981 TO 2010
CLIMATE RECORD PERIOD 9999 TO 9999


WEATHER ITEM   OBSERVED TIME   NORMAL DEPARTURE LAST
                VALUE   (LST)  VALUE  FROM      YEAR
                                      NORMAL
......................................................
TEMPERATURE (F)
 TODAY
  MAXIMUM         83    225 PM  86     -3       91
  MINIMUM         67    451 AM  63      4       61
  AVERAGE         75            74      1       76

PRECIPITATION (IN)
  TODAY            0.05          0.14  -0.09     0.00
  MONTH TO DATE    5.87          2.59   3.28     2.59
  SINCE MAR 1     11.99          9.42   2.57     9.85
  SINCE JAN 1     14.84         16.99  -2.15    16.50

DEGREE DAYS
 HEATING
  TODAY            0             0      0        0
  MONTH TO DATE    2            10     -8       12
  SINCE MAR 1    487           395     92      321
  SINCE JUL 1   2192          2327   -135     1630

 COOLING
  TODAY           10            10      0       11
  MONTH TO DATE  246           178     68      204
  SINCE MAR 1    286           260     26      389
  SINCE JAN 1    343           263     80      415
......................................................


WIND (MPH)
  HIGHEST WIND SPEED    22   HIGHEST WIND DIRECTION    SE (150)
  HIGHEST GUST SPEED    30   HIGHEST GUST DIRECTION    SE (150)
  AVERAGE WIND SPEED     3.4


SKY COVER
  AVERAGE SKY COVER 0.2


WEATHER CONDITIONS
 THE FOLLOWING WEATHER WAS RECORDED TODAY.
  RAIN
  FOG


RELATIVE HUMIDITY (PERCENT)
 HIGHEST    93           300 AM
 LOWEST     58          1200 PM

..........................................................


THE ORANGEBURG AIRPORT SC CLIMATE NORMALS FOR TOMORROW
                         NORMAL
 MAXIMUM TEMPERATURE (F)   86
 MINIMUM TEMPERATURE (F)   64


SUNRISE AND SUNSET
MAY 27 2018...........SUNRISE   616 AM EDT   SUNSET   825 PM EDT
MAY 28 2018...........SUNRISE   616 AM EDT   SUNSET   826 PM EDT


-  INDICATES NEGATIVE NUMBERS.
R  INDICATES RECORD WAS SET OR TIED.
MM INDICATES DATA IS MISSING.
T  INDICATES TRACE AMOUNT.




$$
