000
CDHW42 PHFO 251245
CLIOGG


CLIMATE REPORT
NATIONAL WEATHER SERVICE HONOLULU HI
245 AM HST WED APR 25 2018


...................................

...THE KAHULUI HI CLIMATE SUMMARY FOR APRIL 24 2018...

CLIMATE NORMAL PERIOD 1981 TO 2010
CLIMATE RECORD PERIOD 1946 TO 2018


WEATHER ITEM   OBSERVED TIME   RECORD YEAR NORMAL DEPARTURE LAST
                VALUE   (LST)  VALUE       VALUE  FROM      YEAR
                                                  NORMAL
..................................................................
TEMPERATURE (F)
 YESTERDAY
  MAXIMUM         80    322 PM  90    2015  83     -3       88
                                      1984
  MINIMUM         70    654 AM  59    2006  66      4       68
  AVERAGE         75                        74      1       78

PRECIPITATION (IN)
  YESTERDAY        0.07          0.30 2009   0.04   0.03     0.00
  MONTH TO DATE    4.26                      1.36   2.90     1.78
  SINCE MAR 1      6.46                      3.81   2.65     5.92
  SINCE JAN 1     12.31                      8.57   3.74     8.40

SNOWFALL (IN)
  YESTERDAY        0.0
  MONTH TO DATE    0.0
  SINCE MAR 1      0.0
  SINCE JUL 1      0.0
  SNOW DEPTH      MM

DEGREE DAYS
 HEATING
  YESTERDAY        0                         0      0        0
  MONTH TO DATE    0                         0      0        0
  SINCE MAR 1      0                         0      0        0
  SINCE JUL 1      0                         0      0        0

 COOLING
  YESTERDAY       10                         9      1       13
  MONTH TO DATE  267                       216     51      237
  SINCE MAR 1    499                       461     38      482
  SINCE JAN 1    944                       870     74      953
..................................................................


WIND (MPH)
  HIGHEST WIND SPEED    26   HIGHEST WIND DIRECTION    NE (50)
  HIGHEST GUST SPEED    34   HIGHEST GUST DIRECTION     E (70)
  AVERAGE WIND SPEED    15.4


SKY COVER
  POSSIBLE SUNSHINE  MM
  AVERAGE SKY COVER  MM


WEATHER CONDITIONS
 THE FOLLOWING WEATHER WAS RECORDED YESTERDAY.
  FOG
  HAZE


RELATIVE HUMIDITY (PERCENT)
 HIGHEST    MM
 LOWEST     MM
 AVERAGE    MM

..........................................................


THE KAHULUI HI CLIMATE NORMALS FOR TODAY
                         NORMAL    RECORD    YEAR
 MAXIMUM TEMPERATURE (F)   83        89      1951
 MINIMUM TEMPERATURE (F)   66        60      1985
                                             1972
                                             1956


SUNRISE AND SUNSET
APRIL 25 2018.........SUNRISE   559 AM HST   SUNSET   648 PM HST
APRIL 26 2018.........SUNRISE   559 AM HST   SUNSET   649 PM HST


-  INDICATES NEGATIVE NUMBERS.
R  INDICATES RECORD WAS SET OR TIED.
MM INDICATES DATA IS MISSING.
T  INDICATES TRACE AMOUNT.




$$
