000
CDUS46 KSGX 190021
CLIOKB


CLIMATE REPORT
NATIONAL WEATHER SERVICE SAN DIEGO, CA
521 PM PDT WED APR 18 2018


...................................

...THE OCEANSIDE AIRPORT CA CLIMATE SUMMARY FOR APRIL 18 2018...
VALID TODAY AS OF 0500 PM LOCAL TIME.

CLIMATE NORMAL PERIOD 1981 TO 2010
CLIMATE RECORD PERIOD 1999 TO 2018


WEATHER ITEM   OBSERVED TIME   RECORD YEAR NORMAL DEPARTURE LAST
                VALUE   (LST)  VALUE       VALUE  FROM      YEAR
                                                  NORMAL
..................................................................
TEMPERATURE (F)
 TODAY
  MAXIMUM         68    135 PM  85    2016  68      0       71
  MINIMUM         38R   545 AM  40    2009  50    -12       57
  AVERAGE         53                        59     -6       64

PRECIPITATION (IN)
  TODAY            0.00          0.05 2010   0.03  -0.03      T
  MONTH TO DATE    T                         0.61  -0.61      T
  SINCE OCT 1      4.68                     12.42  -7.74    13.63
  SINCE JAN 1      4.64                      8.54  -3.90     8.48

DEGREE DAYS
 HEATING
  TODAY           12                         6      6        1
  MONTH TO DATE   98                       129    -31       93
  SINCE MAR 1    378                       419    -41      306
  SINCE JUL 1   1344                      1827   -483     1321

 COOLING
  TODAY            0                         0      0        0
  MONTH TO DATE    2                         0      2        0
  SINCE MAR 1      2                         1      1        0
  SINCE JAN 1      5                         1      4        0
..................................................................


WIND (MPH)
  RESULTANT WIND SPEED   3   RESULTANT WIND DIRECTION  SW (240)
  HIGHEST WIND SPEED    14   HIGHEST WIND DIRECTION    SW (220)
  HIGHEST GUST SPEED    19   HIGHEST GUST DIRECTION    SW (230)
  AVERAGE WIND SPEED     5.2


SKY COVER
  POSSIBLE SUNSHINE  MM
  AVERAGE SKY COVER 0.0


WEATHER CONDITIONS
 THE FOLLOWING WEATHER WAS RECORDED TODAY.
  NO SIGNIFICANT WEATHER WAS OBSERVED.


RELATIVE HUMIDITY (PERCENT)
 HIGHEST    85           300 AM
 LOWEST     47           800 AM
 AVERAGE    66

..........................................................


THE OCEANSIDE AIRPORT CA CLIMATE NORMALS FOR TOMORROW
                         NORMAL    RECORD    YEAR
 MAXIMUM TEMPERATURE (F)   68        90      2009
 MINIMUM TEMPERATURE (F)   50        38      2013


SUNRISE AND SUNSET
APRIL 18 2018.........SUNRISE   616 AM PDT   SUNSET   722 PM PDT
APRIL 19 2018.........SUNRISE   614 AM PDT   SUNSET   723 PM PDT


-  INDICATES NEGATIVE NUMBERS.
R  INDICATES RECORD WAS SET OR TIED.
MM INDICATES DATA IS MISSING.
T  INDICATES TRACE AMOUNT.




$$
