000
CDUS44 KOUN 230640
CLIOKC

CLIMATE REPORT
NATIONAL WEATHER SERVICE NORMAN OK
139 AM CDT MON APR 23 2018


...................................

...THE OKLAHOMA CITY CLIMATE SUMMARY FOR APRIL 22 2018...

CLIMATE NORMAL PERIOD 1981 TO 2010
CLIMATE RECORD PERIOD 1890 TO 2018


WEATHER ITEM   OBSERVED TIME   RECORD YEAR NORMAL DEPARTURE LAST
                VALUE   (LST)  VALUE       VALUE  FROM      YEAR
                                                  NORMAL
..................................................................
TEMPERATURE (F)
 YESTERDAY
  MAXIMUM         63    432 PM  95    1955  74    -11       59
  MINIMUM         43    601 AM  34    1959  52     -9       46
  AVERAGE         53                        63    -10       53

PRECIPITATION (IN)
  YESTERDAY        0.00          1.98 1915   0.10  -0.10     0.00
  MONTH TO DATE    1.51                      2.05  -0.54     3.49
  SINCE MAR 1      2.12                      5.11  -2.99     6.09
  SINCE JAN 1      4.95                      8.08  -3.13    10.78

SNOWFALL (IN)
  YESTERDAY        0.0           T    1955   0.0    0.0      0.0
  MONTH TO DATE    T                         0.0    0.0      0.0
  SINCE MAR 1      T                         0.9   -0.9      0.0
  SINCE JUL 1      0.4                       7.6   -7.2      2.1
  SNOW DEPTH       0

DEGREE DAYS
 HEATING
  YESTERDAY       12                         4      8       12
  MONTH TO DATE  295                       146    149       80
  SINCE MAR 1    650                       555     95      364
  SINCE JUL 1   3519                      3305    214     2584

 COOLING
  YESTERDAY        0                         2     -2        0
  MONTH TO DATE   20                        32    -12       36
  SINCE MAR 1     26                        44    -18       84
  SINCE JAN 1     30                        45    -15       93
..................................................................


WIND (MPH)
  HIGHEST WIND SPEED    25   HIGHEST WIND DIRECTION     N (350)
  HIGHEST GUST SPEED    32   HIGHEST GUST DIRECTION    NW (330)
  AVERAGE WIND SPEED    18.1


SKY COVER
  AVERAGE SKY COVER 0.7


WEATHER CONDITIONS
 THE FOLLOWING WEATHER WAS RECORDED YESTERDAY.
  FOG


RELATIVE HUMIDITY (PERCENT)
 HIGHEST    96           500 AM
 LOWEST     48           300 PM
 AVERAGE    72

..........................................................


THE OKLAHOMA CITY CLIMATE NORMALS FOR TODAY
                         NORMAL    RECORD    YEAR
 MAXIMUM TEMPERATURE (F)   74        91      2006
 MINIMUM TEMPERATURE (F)   52        33      1909


SUNRISE AND SUNSET
APRIL 23 2018.........SUNRISE   648 AM CDT   SUNSET   810 PM CDT
APRIL 24 2018.........SUNRISE   647 AM CDT   SUNSET   811 PM CDT


-  INDICATES NEGATIVE NUMBERS.
R  INDICATES RECORD WAS SET OR TIED.
MM INDICATES DATA IS MISSING.
T  INDICATES TRACE AMOUNT.




$$
