926
CDUS46 KSEW 230832
CLIOLM


CLIMATE REPORT
NATIONAL WEATHER SERVICE SEATTLE WA
132 AM PDT MON APR 23 2018


...................................

...THE OLYMPIA WA AIRPORT CLIMATE SUMMARY FOR APRIL 22 2018...

CLIMATE NORMAL PERIOD 1981 TO 2010
CLIMATE RECORD PERIOD 1948 TO 2018


WEATHER ITEM   OBSERVED TIME   RECORD YEAR NORMAL DEPARTURE LAST
                VALUE   (LST)  VALUE       VALUE  FROM      YEAR
                                                  NORMAL
..................................................................
TEMPERATURE (F)
 YESTERDAY
  MAXIMUM         60    506 PM  82    1982  60      0       58
  MINIMUM         36    616 AM  26    1972  38     -2       42
  AVERAGE         48                        49     -1       50

PRECIPITATION (IN)
  YESTERDAY        0.00          1.36 1996   0.10  -0.10     0.09
  MONTH TO DATE    7.01                      2.76   4.25     4.13
  SINCE OCT 1     48.86                     41.85   7.01    56.57
  SINCE JAN 1     23.10                     21.16   1.94    28.47

DEGREE DAYS
 HEATING
  YESTERDAY       17                        16      1       15
  MONTH TO DATE  391                       381     10      375
  SINCE MAR 1   1079                      1017     62     1010
  SINCE JUL 1   4649                      4739    -90     4738

 COOLING
  YESTERDAY        0                         0      0        0
  MONTH TO DATE    0                         0      0        0
  SINCE MAR 1      0                         0      0        0
  SINCE JAN 1      0                         0      0        0
..................................................................


WIND (MPH)
  RESULTANT WIND SPEED   5   RESULTANT WIND DIRECTION  NE (40)
  HIGHEST WIND SPEED    15   HIGHEST WIND DIRECTION     E (70)
  HIGHEST GUST SPEED    19   HIGHEST GUST DIRECTION     E (70)
  AVERAGE WIND SPEED     5.1


SKY COVER
  AVERAGE SKY COVER 0.2


WEATHER CONDITIONS
 THE FOLLOWING WEATHER WAS RECORDED YESTERDAY.
  NO SIGNIFICANT WEATHER WAS OBSERVED.


RELATIVE HUMIDITY (PERCENT)
 HIGHEST   100           500 AM
 LOWEST     39           400 PM
 AVERAGE    70

..........................................................


THE OLYMPIA WA AIRPORT CLIMATE NORMALS FOR TODAY
                         NORMAL    RECORD    YEAR
 MAXIMUM TEMPERATURE (F)   60        76      2012
 MINIMUM TEMPERATURE (F)   38        26      1980


SUNRISE AND SUNSET
APRIL 23 2018.........SUNRISE   609 AM PDT   SUNSET   811 PM PDT
APRIL 24 2018.........SUNRISE   608 AM PDT   SUNSET   813 PM PDT


-  INDICATES NEGATIVE NUMBERS.
R  INDICATES RECORD WAS SET OR TIED.
MM INDICATES DATA IS MISSING.
T  INDICATES TRACE AMOUNT.




$$
