000
CDAK49 PAFG 260949
CLIOME

CLIMATE REPORT
NATIONAL WEATHER SERVICE FAIRBANKS AK
149 AM AKDT THU APR 26 2018


...................................

...THE NOME AK CLIMATE SUMMARY FOR APRIL 25 2018...

CLIMATE NORMAL PERIOD 1981 TO 2010
CLIMATE RECORD PERIOD 1906 TO 2018


WEATHER ITEM   OBSERVED TIME   RECORD YEAR NORMAL DEPARTURE LAST
                VALUE   (LST)  VALUE       VALUE  FROM      YEAR
                                                  NORMAL
..................................................................
TEMPERATURE (F)
 YESTERDAY
  MAXIMUM         33    556 PM  60    1940  32      1       44
  MINIMUM         28   1027 PM -17    1964  20      8       37
  AVERAGE         31                        26      5       41

PRECIPITATION (IN)
  YESTERDAY        0.01          0.30 1948   0.03  -0.02      T
  MONTH TO DATE    0.49                      0.62  -0.13     0.11
  SINCE MAR 1      2.97                      1.27   1.70     0.12
  SINCE JAN 1      4.89                      3.14   1.75     1.87

SNOWFALL (IN)
  YESTERDAY        0.1           3.0  1910   0.3   -0.2      0.0
  MONTH TO DATE    1.6                       6.6   -5.0      1.1
  SINCE MAR 1     35.6                      15.5   20.1      2.0
  SINCE JUL 1    108.9                      72.2   36.7     54.2
  SNOW DEPTH      15

DEGREE DAYS
 HEATING
  YESTERDAY       34                        39     -5       24
  MONTH TO DATE  970                      1149   -179      891
  SINCE MAR 1   2453                      2845   -392     2879
  SINCE JUL 1  10634                     12124  -1490    11674

 COOLING
  YESTERDAY        0                         0      0        0
  MONTH TO DATE    0                         0      0        0
  SINCE MAR 1      0                         0      0        0
  SINCE JAN 1      0                         0      0        0
..................................................................


WIND (MPH)
  HIGHEST GUST SPEED    31   HIGHEST GUST DIRECTION    SE (150)


SKY COVER
  AVERAGE SKY COVER 1.0


WEATHER CONDITIONS
 THE FOLLOWING WEATHER WAS RECORDED YESTERDAY.
  SNOW
  LIGHT SNOW
  FOG


RELATIVE HUMIDITY (PERCENT)
 HIGHEST   100
 LOWEST     89
 AVERAGE    95

..........................................................


THE NOME AK CLIMATE NORMALS FOR TODAY
                         NORMAL    RECORD    YEAR
 MAXIMUM TEMPERATURE (F)   33        52      2016
                                             1940
 MINIMUM TEMPERATURE (F)   20       -15      1964


SUNRISE AND SUNSET
APRIL 26 2018.........SUNRISE   648 AM AKDT  SUNSET  1114 PM AKDT
APRIL 27 2018.........SUNRISE   645 AM AKDT  SUNSET  1117 PM AKDT

-  INDICATES NEGATIVE NUMBERS.
R  INDICATES RECORD WAS SET OR TIED.
MM INDICATES DATA IS MISSING.
T  INDICATES TRACE AMOUNT.

&&

SNOW DEPTH IS MEASURED AT 3AM AKST/4AM AKDT.

----------------------------
AVAILABLE DAYLIGHT

AMOUNT OF DAYLIGHT TODAY  (HOUR:MIN)........16:26
GAIN/LOSS SINCE YESTERDAY (HOUR:MIN:SEC)....+0:06:49

NOME TIDAL INFORMATION FOR 26 APRIL 2018
0206  +0.7
0831  -0.4
1521  +0.9
2114  +0.0

$$
APR 18
