000
CDUS41 KBOX 240555
CLIORH


CLIMATE REPORT
NATIONAL WEATHER SERVICE BOSTON/NORTON MA
147 AM EDT THU MAY 24 2018


...................................

...THE WORCESTER MA CLIMATE SUMMARY FOR MAY 23 2018...

CLIMATE NORMAL PERIOD 1981 TO 2010
CLIMATE RECORD PERIOD 1892 TO 2018


WEATHER ITEM   OBSERVED TIME   RECORD YEAR NORMAL DEPARTURE LAST
                VALUE   (LST)  VALUE       VALUE  FROM      YEAR
                                                  NORMAL
..................................................................
TEMPERATURE (F)
 YESTERDAY
  MAXIMUM         80    322 PM  89    1964  68     12       67
  MINIMUM         52    312 AM  32    1929  49      3       49
  AVERAGE         66                        58      8       58

PRECIPITATION (IN)
  YESTERDAY        0.00          1.28 1983   0.15  -0.15     0.00
  MONTH TO DATE    2.09                      2.99  -0.90     3.46
  SINCE MAR 1     12.61                     11.31   1.30    12.22
  SINCE JAN 1     21.10                     18.03   3.07    18.57

SNOWFALL (IN)
  YESTERDAY        0.0           T    1994   0.0    0.0      0.0
  MONTH TO DATE    0.0                       0.0    0.0      0.0
  SINCE MAR 1     49.5                      14.2   35.3     20.5
  SINCE JUL 1     96.1                      64.1   32.0     78.3
  SNOW DEPTH      MM

DEGREE DAYS
 HEATING
  YESTERDAY        0                         7     -7        7
  MONTH TO DATE  136                       236   -100      287
  SINCE MAR 1   1821                      1746     75     1830
  SINCE JUL 1   6322                      6583   -261     6107

 COOLING
  YESTERDAY        1                         1      0        0
  MONTH TO DATE   28                         8     20       24
  SINCE MAR 1     28                        11     17       34
  SINCE JAN 1     28                        11     17       34
..................................................................


WIND (MPH)
  RESULTANT WIND SPEED   9   RESULTANT WIND DIRECTION   W (290)
  HIGHEST WIND SPEED    18   HIGHEST WIND DIRECTION    NW (310)
  HIGHEST GUST SPEED    25   HIGHEST GUST DIRECTION     N (340)
  AVERAGE WIND SPEED    10.7


SKY COVER
  POSSIBLE SUNSHINE  MM
  AVERAGE SKY COVER 0.4


WEATHER CONDITIONS
 THE FOLLOWING WEATHER WAS RECORDED YESTERDAY.
  FOG


RELATIVE HUMIDITY (PERCENT)
 HIGHEST   100          1200 AM
 LOWEST     30           400 PM
 AVERAGE    65

..........................................................


THE WORCESTER MA CLIMATE NORMALS FOR TODAY
                         NORMAL    RECORD    YEAR
 MAXIMUM TEMPERATURE (F)   68        88      1964
                                             1936
 MINIMUM TEMPERATURE (F)   49        33      1956
                                             1935
                                             1932


SUNRISE AND SUNSET
MAY 24 2018...........SUNRISE   518 AM EDT   SUNSET   811 PM EDT
MAY 25 2018...........SUNRISE   518 AM EDT   SUNSET   812 PM EDT


-  INDICATES NEGATIVE NUMBERS.
R  INDICATES RECORD WAS SET OR TIED.
MM INDICATES DATA IS MISSING.
T  INDICATES TRACE AMOUNT.




$$
