000
CDAK49 PAFG 220946
CLIOTZ

CLIMATE REPORT
NATIONAL WEATHER SERVICE FAIRBANKS AK
146 AM AKDT SUN APR 22 2018


...................................

...THE KOTZEBUE AK CLIMATE SUMMARY FOR APRIL 21 2018...

CLIMATE NORMAL PERIOD 1981 TO 2010
CLIMATE RECORD PERIOD 1920 TO 2018


WEATHER ITEM   OBSERVED TIME   RECORD YEAR NORMAL DEPARTURE LAST
                VALUE   (LST)  VALUE       VALUE  FROM      YEAR
                                                  NORMAL
..................................................................
TEMPERATURE (F)
 YESTERDAY
  MAXIMUM         27    514 PM  45    1931  25      2       35
  MINIMUM          7    529 AM -22    1929   9     -2       15
  AVERAGE         17                        17      0       25

PRECIPITATION (IN)
  YESTERDAY        0.00          0.16 1989   0.02  -0.02     0.00
  MONTH TO DATE    0.03                      0.36  -0.33     0.05
  SINCE MAR 1      2.08                      0.80   1.28     0.08
  SINCE JAN 1      3.46                      2.08   1.38     1.67

SNOWFALL (IN)
  YESTERDAY        0.0           5.0  1937   0.2   -0.2      0.0
  MONTH TO DATE    0.2                       3.8   -3.6      1.3
  SINCE MAR 1     24.5                       9.7   14.8      2.0
  SINCE JUL 1    103.9                      57.3   46.6     52.2
  SNOW DEPTH      49

DEGREE DAYS
 HEATING
  YESTERDAY       48                        48      0       40
  MONTH TO DATE  983                      1151   -168      924
  SINCE MAR 1   2594                      3133   -539     3093
  SINCE JUL 1  11280                     13378  -2098    11952

 COOLING
  YESTERDAY        0                         0      0        0
  MONTH TO DATE    0                         0      0        0
  SINCE MAR 1      0                         0      0        0
  SINCE JAN 1      0                         0      0        0
..................................................................


WIND (MPH)
  HIGHEST GUST SPEED    21   HIGHEST GUST DIRECTION    NE (50)


SKY COVER
  AVERAGE SKY COVER 0.0


WEATHER CONDITIONS
 THE FOLLOWING WEATHER WAS RECORDED YESTERDAY.
  NO SIGNIFICANT WEATHER WAS OBSERVED.


RELATIVE HUMIDITY (PERCENT)
 HIGHEST    65
 LOWEST     56
 AVERAGE    61

..........................................................


THE KOTZEBUE AK CLIMATE NORMALS FOR TODAY
                         NORMAL    RECORD    YEAR
 MAXIMUM TEMPERATURE (F)   25        45      2014
                                             1931
 MINIMUM TEMPERATURE (F)   10       -15      1985
                                             1976
                                             1948


SUNRISE AND SUNSET
APRIL 22 2018.........SUNRISE   636 AM AKDT  SUNSET  1105 PM AKDT
APRIL 23 2018.........SUNRISE   632 AM AKDT  SUNSET  1109 PM AKDT

-  INDICATES NEGATIVE NUMBERS.
R  INDICATES RECORD WAS SET OR TIED.
MM INDICATES DATA IS MISSING.
T  INDICATES TRACE AMOUNT.

&&

SNOW DEPTH IS MEASURED AT 3AM AKST/4AM AKDT.

----------------------------
AVAILABLE DAYLIGHT

AMOUNT OF DAYLIGHT TODAY  (HOUR:MIN)........16:29
GAIN/LOSS SINCE YESTERDAY (HOUR:MIN:SEC)....+0:07:53

$$
AY APR 18
