000
CDUS45 KLKN 190948
CLIP68


CLIMATE REPORT
NATIONAL WEATHER SERVICE ELKO NV
248 AM PDT THU APR 19 2018


...................................

...THE EUREKA AIRPORT NV CLIMATE SUMMARY FOR APRIL 18 2018...

CLIMATE NORMAL PERIOD 1981 TO 2010
CLIMATE RECORD PERIOD 1963 TO 2018


WEATHER ITEM   OBSERVED TIME   RECORD YEAR NORMAL DEPARTURE LAST
                VALUE   (LST)  VALUE       VALUE  FROM      YEAR
                                                  NORMAL
..................................................................
TEMPERATURE (F)
 YESTERDAY
  MAXIMUM         54    320 PM  79    1994  59     -5       53
                                      1989
  MINIMUM         25    335 AM   9    1968  28     -3       31
  AVERAGE         40                        44     -4       42

PRECIPITATION (IN)
  YESTERDAY        0.00          0.46 2017   0.03  -0.03     0.46
  MONTH TO DATE    0.80                      0.56   0.24     1.83
  SINCE OCT 1      5.98                      5.22   0.76     8.29
  SINCE JAN 1      4.79                      3.09   1.70     6.20

DEGREE DAYS
 HEATING
  YESTERDAY       25                        21      4       23
  MONTH TO DATE  369                       417    -48      386
  SINCE MAR 1   1390                      1288    102     1071
  SINCE JUL 1   6040                      6573   -533     5931

 COOLING
  YESTERDAY        0                         0      0        0
  MONTH TO DATE    0                         0      0        0
  SINCE MAR 1      0                         0      0        0
  SINCE JAN 1      0                         0      0        0
..................................................................


WIND (MPH)
  HIGHEST WIND SPEED    22   HIGHEST WIND DIRECTION     S (160)
  HIGHEST GUST SPEED    28   HIGHEST GUST DIRECTION     S (160)
  AVERAGE WIND SPEED    10.1




RELATIVE HUMIDITY (PERCENT)
 HIGHEST    84           100 AM
 LOWEST     21           300 PM
 AVERAGE    53

..........................................................


THE EUREKA AIRPORT NV CLIMATE NORMALS FOR TODAY
                         NORMAL    RECORD    YEAR
 MAXIMUM TEMPERATURE (F)   60        79      1989
 MINIMUM TEMPERATURE (F)   29        12      2007
                                             1987


SUNRISE AND SUNSET
APRIL 19 2018.........SUNRISE   601 AM PDT   SUNSET   726 PM PDT
APRIL 20 2018.........SUNRISE   559 AM PDT   SUNSET   727 PM PDT


-  INDICATES NEGATIVE NUMBERS.
R  INDICATES RECORD WAS SET OR TIED.
MM INDICATES DATA IS MISSING.
T  INDICATES TRACE AMOUNT.




$$
