306
CDUS44 KLZK 262104
CLIPBF


CLIMATE REPORT
NATIONAL WEATHER SERVICE LITTLE ROCK AR
404 PM CDT SAT MAY 26 2018


...................................

...THE PINE BLUFF CLIMATE SUMMARY FOR MAY 26 2018...
VALID TODAY AS OF 0400 PM LOCAL TIME.

CLIMATE NORMAL PERIOD 1981 TO 2010
CLIMATE RECORD PERIOD 1883 TO 2018


WEATHER ITEM   OBSERVED TIME   RECORD YEAR NORMAL DEPARTURE LAST
                VALUE   (LST)  VALUE       VALUE  FROM      YEAR
                                                  NORMAL
..................................................................
TEMPERATURE (F)
 TODAY
  MAXIMUM         85    253 PM  96    1918  84      1       83
                                      1896
  MINIMUM         68    452 AM  48    1925  64      4       66
  AVERAGE         77                        74      3       75

PRECIPITATION (IN)
  TODAY            0.00          2.45 1974   0.16  -0.16     0.00
  MONTH TO DATE    2.34                      4.27  -1.93     6.42
  SINCE MAR 1     16.16                     14.60   1.56    16.86
  SINCE JAN 1     33.98                     22.42  11.56    23.16

SNOWFALL (IN)
  TODAY            0.0          MM      MM   0.0    0.0      0.0
  MONTH TO DATE    0.0                       0.0    0.0      0.0
  SINCE MAR 1      T                         0.0    0.0      0.0
  SINCE JUL 1      4.1                       3.1    1.0      1.5
  SNOW DEPTH       0

DEGREE DAYS
 HEATING
  TODAY            0                         0      0        0
  MONTH TO DATE    0                        15    -15       24
  SINCE MAR 1    486                       491     -5      323
  SINCE JUL 1   2900                      2879     21     2034

 COOLING
  TODAY           12                        10      2       10
  MONTH TO DATE  303                       170    133      125
  SINCE MAR 1    343                       254     89      263
  SINCE JAN 1    359                       257    102      284
..................................................................


WIND (MPH)
  HIGHEST WIND SPEED     8   HIGHEST WIND DIRECTION     E (110)
  HIGHEST GUST SPEED    10   HIGHEST GUST DIRECTION    SE (140)
  AVERAGE WIND SPEED     3.5


SKY COVER
  POSSIBLE SUNSHINE  MM
  AVERAGE SKY COVER 0.6


WEATHER CONDITIONS
 THE FOLLOWING WEATHER WAS RECORDED TODAY.
  FOG
  HAZE


RELATIVE HUMIDITY (PERCENT)
 HIGHEST    90          1200 AM
 LOWEST     69           100 PM
 AVERAGE    80

..........................................................


THE PINE BLUFF CLIMATE NORMALS FOR TOMORROW
                         NORMAL    RECORD    YEAR
 MAXIMUM TEMPERATURE (F)   85        97      1918
 MINIMUM TEMPERATURE (F)   65        45      1901


SUNRISE AND SUNSET
MAY 26 2018...........SUNRISE   559 AM CDT   SUNSET   811 PM CDT
MAY 27 2018...........SUNRISE   559 AM CDT   SUNSET   811 PM CDT


-  INDICATES NEGATIVE NUMBERS.
R  INDICATES RECORD WAS SET OR TIED.
MM INDICATES DATA IS MISSING.
T  INDICATES TRACE AMOUNT.




$$
