000
CDUS42 KFFC 230827
CLIPDK


CLIMATE REPORT
NATIONAL WEATHER SERVICE PEACHTREE CITY GA
427 AM EDT WED MAY 23 2018


...................................

...THE DEKALB PEACHTREE AIRPORT CLIMATE SUMMARY FOR MAY 22 2018...

CLIMATE NORMAL PERIOD 1981 TO 2010
CLIMATE RECORD PERIOD 9999 TO 9999


WEATHER ITEM   OBSERVED TIME   RECORD YEAR NORMAL DEPARTURE LAST
                VALUE   (LST)  VALUE       VALUE  FROM      YEAR
                                                  NORMAL
..................................................................
TEMPERATURE (F)
 YESTERDAY
  MAXIMUM         85    321 PM  MM      MM  81      4       80
  MINIMUM         67   1258 AM  MM      MM  61      6       66
  AVERAGE         76                        71      5       73

PRECIPITATION (IN)
  YESTERDAY        0.34         MM      MM   0.10   0.24     0.30
  MONTH TO DATE    3.53                      2.90   0.63     2.69
  SINCE MAR 1     13.19                     11.53   1.66    11.99
  SINCE JAN 1     20.65                     21.34  -0.69    19.30

DEGREE DAYS
 COOLING
  YESTERDAY       11                         6      5        8
  MONTH TO DATE  164                        94     70      134
  SINCE MAR 1    173                       143     30      260
  SINCE JAN 1    189                       143     46      260
..................................................................


WIND (MPH)
  RESULTANT WIND SPEED   3   RESULTANT WIND DIRECTION  SE (150)
  HIGHEST WIND SPEED    25   HIGHEST WIND DIRECTION    SW (210)
  HIGHEST GUST SPEED    31   HIGHEST GUST DIRECTION    SW (210)
  AVERAGE WIND SPEED     3.6


SKY COVER
  AVERAGE SKY COVER 0.7


WEATHER CONDITIONS
 THE FOLLOWING WEATHER WAS RECORDED YESTERDAY.
  THUNDERSTORM
  LIGHT RAIN
  FOG


RELATIVE HUMIDITY (PERCENT)
 HIGHEST    97           800 PM
 LOWEST     58           200 PM
 AVERAGE    78

..........................................................


THE DEKALB PEACHTREE AIRPORT CLIMATE NORMALS FOR TODAY
                         NORMAL    RECORD    YEAR
 MAXIMUM TEMPERATURE (F)   82        MM        MM
 MINIMUM TEMPERATURE (F)   61        MM        MM


SUNRISE AND SUNSET
MAY 23 2018...........SUNRISE   631 AM EDT   SUNSET   837 PM EDT
MAY 24 2018...........SUNRISE   630 AM EDT   SUNSET   838 PM EDT


-  INDICATES NEGATIVE NUMBERS.
R  INDICATES RECORD WAS SET OR TIED.
MM INDICATES DATA IS MISSING.
T  INDICATES TRACE AMOUNT.




$$
