000
CDUS41 KPBZ 270702
CLIPHD


CLIMATE REPORT
NATIONAL WEATHER SERVICE PITTSBURGH PA
300 AM EDT SUN MAY 27 2018


...................................

...THE NEW PHILADELPHIA OH CLIMATE SUMMARY FOR MAY 26 2018...

CLIMATE NORMAL PERIOD 1981 TO 2010
CLIMATE RECORD PERIOD 1948 TO 2018


WEATHER ITEM   OBSERVED TIME   RECORD YEAR NORMAL DEPARTURE LAST
                VALUE   (LST)  VALUE       VALUE  FROM      YEAR
                                                  NORMAL
..................................................................
TEMPERATURE (F)
 YESTERDAY
  MAXIMUM         84    309 PM  90    2012  75      9       72
                                      1975
  MINIMUM         60            31    1969  51      9       57
  AVERAGE         72                        63      9       65

PRECIPITATION (IN)
  YESTERDAY        0.27          1.64 1989   0.14   0.13      T
  MONTH TO DATE    2.39                      3.42  -1.03     4.61
  SINCE JUN 1     37.67                     38.15  -0.48    40.45
  SINCE JAN 1     17.15                     14.85   2.30    19.87

DEGREE DAYS
 HEATING
  YESTERDAY        0                         4     -4        0
  MONTH TO DATE   19                       176   -157      168
  SINCE MAR 1   1496                      1384    112     1186
  SINCE JUL 1   5586                      5591     -5     4683

 COOLING
  YESTERDAY        7                         2      5        0
  MONTH TO DATE   87                        23     64       26
  SINCE MAR 1     95                        30     65       51
  SINCE JAN 1    100                        30     70       51
..................................................................


WIND (MPH)
  HIGHEST WIND SPEED    16   HIGHEST WIND DIRECTION    NW (310)
  HIGHEST GUST SPEED    24   HIGHEST GUST DIRECTION     W (290)
  AVERAGE WIND SPEED     4.4


SKY COVER
  POSSIBLE SUNSHINE  MM
  AVERAGE SKY COVER 0.4


WEATHER CONDITIONS
 THE FOLLOWING WEATHER WAS RECORDED YESTERDAY.
  THUNDERSTORM
  HEAVY RAIN
  RAIN
  LIGHT RAIN
  FOG


RELATIVE HUMIDITY (PERCENT)
 HIGHEST   100           400 AM
 LOWEST     51           300 PM
 AVERAGE    76

..........................................................


THE NEW PHILADELPHIA OH CLIMATE NORMALS FOR TODAY
                         NORMAL    RECORD    YEAR
 MAXIMUM TEMPERATURE (F)   75        92      2012
 MINIMUM TEMPERATURE (F)   51        30      1961


SUNRISE AND SUNSET
MAY 27 2018...........SUNRISE   600 AM EDT   SUNSET   846 PM EDT
MAY 28 2018...........SUNRISE   559 AM EDT   SUNSET   847 PM EDT


-  INDICATES NEGATIVE NUMBERS.
R  INDICATES RECORD WAS SET OR TIED.
MM INDICATES DATA IS MISSING.
T  INDICATES TRACE AMOUNT.




$$
