000
CDUS45 KPIH 190744
CLIPIH


CLIMATE REPORT
NATIONAL WEATHER SERVICE POCATELLO ID
143 AM MDT THU APR 19 2018


...................................

...THE POCATELLO ID CLIMATE SUMMARY FOR APRIL 18 2018...

CLIMATE NORMAL PERIOD 1981 TO 2010
CLIMATE RECORD PERIOD 1939 TO 2018


WEATHER ITEM   OBSERVED TIME   RECORD YEAR NORMAL DEPARTURE LAST
                VALUE   (LST)  VALUE       VALUE  FROM      YEAR
                                                  NORMAL
..................................................................
TEMPERATURE (F)
 YESTERDAY
  MAXIMUM         55    539 PM  84    1994  59     -4       55
  MINIMUM         28    633 AM  13    2013  33     -5       44
  AVERAGE         42                        46     -4       50

PRECIPITATION (IN)
  YESTERDAY        0.00          0.49 2007   0.03  -0.03     0.15
                                      1991
  MONTH TO DATE    0.78                      0.64   0.14     1.53
  SINCE OCT 1      6.81                      7.08  -0.27    14.98
  SINCE JAN 1      4.02                      3.86   0.16     8.42

SNOWFALL (IN)
  YESTERDAY        0.0
  MONTH TO DATE    T
  SINCE MAR 1      8.3
  SINCE JUL 1     30.5
  SNOW DEPTH       0

DEGREE DAYS
 HEATING
  YESTERDAY       23                        19      4       15
  MONTH TO DATE  339                       375    -36      358
  SINCE MAR 1   1150                      1214    -64     1026
  SINCE JUL 1   5858                      6487   -629     6275

 COOLING
  YESTERDAY        0                         0      0        0
  MONTH TO DATE    0                         0      0        0
  SINCE MAR 1      0                         0      0        0
  SINCE JAN 1      0                         0      0        0
..................................................................


WIND (MPH)
  HIGHEST WIND SPEED    13   HIGHEST WIND DIRECTION    SE (120)
  HIGHEST GUST SPEED    19   HIGHEST GUST DIRECTION    SE (120)
  AVERAGE WIND SPEED     3.7


SKY COVER
  POSSIBLE SUNSHINE  MM
  AVERAGE SKY COVER 0.0


WEATHER CONDITIONS
 THE FOLLOWING WEATHER WAS RECORDED YESTERDAY.
  NO SIGNIFICANT WEATHER WAS OBSERVED.


RELATIVE HUMIDITY (PERCENT)
 HIGHEST    63           300 AM
 LOWEST     22           400 PM
 AVERAGE    43

..........................................................


THE POCATELLO ID CLIMATE NORMALS FOR TODAY
                         NORMAL    RECORD    YEAR
 MAXIMUM TEMPERATURE (F)   59        83      1994
                                             1962
 MINIMUM TEMPERATURE (F)   33        19      1982


SUNRISE AND SUNSET
APRIL 19 2018.........SUNRISE   642 AM MDT   SUNSET   818 PM MDT
APRIL 20 2018.........SUNRISE   641 AM MDT   SUNSET   819 PM MDT


-  INDICATES NEGATIVE NUMBERS.
R  INDICATES RECORD WAS SET OR TIED.
MM INDICATES DATA IS MISSING.
T  INDICATES TRACE AMOUNT.




$$
